CRAN Package Check Results for Package SuperExactTest

Last updated on 2023-12-07 11:49:50 CET.

Flavor Version Tinstall Tcheck Ttotal Status Flags
r-devel-linux-x86_64-debian-clang 1.1.0 7.43 39.36 46.79 NOTE
r-devel-linux-x86_64-debian-gcc 1.1.0 4.74 29.86 34.60 NOTE
r-devel-linux-x86_64-fedora-clang 1.1.0 57.52 OK
r-devel-linux-x86_64-fedora-gcc 1.1.0 66.84 OK
r-devel-windows-x86_64 1.1.0 9.00 55.00 64.00 OK
r-patched-linux-x86_64 1.1.0 5.25 38.81 44.06 OK
r-release-linux-x86_64 1.1.0 5.30 37.72 43.02 OK
r-release-macos-arm64 1.1.0 28.00 OK
r-release-macos-x86_64 1.1.0 41.00 OK
r-release-windows-x86_64 1.1.0 10.00 58.00 68.00 OK
r-oldrel-macos-arm64 1.1.0 32.00 OK
r-oldrel-macos-x86_64 1.1.0 31.00 OK
r-oldrel-windows-x86_64 1.1.0 10.00 62.00 72.00 OK

Check Details

Version: 1.1.0
Check: Rd files
Result: NOTE checkRd: (-1) plot.Rd:42: Lost braces; missing escapes or markup? 42 | \item{color.off}{color code; specifying the color for set(s) which are "{absent}" for an intersection.} | ^ Flavors: r-devel-linux-x86_64-debian-clang, r-devel-linux-x86_64-debian-gcc