Last updated on 2024-08-16 12:49:22 CEST.
Flavor | Version | Tinstall | Tcheck | Ttotal | Status | Flags |
---|---|---|---|---|---|---|
r-devel-linux-x86_64-debian-clang | 1.1.0 | 5.23 | 33.28 | 38.51 | NOTE | |
r-devel-linux-x86_64-debian-gcc | 1.1.0 | 3.91 | 25.27 | 29.18 | NOTE | |
r-devel-linux-x86_64-fedora-clang | 1.1.0 | 62.68 | NOTE | |||
r-devel-linux-x86_64-fedora-gcc | 1.1.0 | 72.97 | NOTE | |||
r-devel-windows-x86_64 | 1.1.0 | 9.00 | 55.00 | 64.00 | NOTE | |
r-patched-linux-x86_64 | 1.1.0 | 5.24 | 31.78 | 37.02 | NOTE | |
r-release-linux-x86_64 | 1.1.0 | 4.22 | 32.22 | 36.44 | NOTE | |
r-release-macos-arm64 | 1.1.0 | 28.00 | NOTE | |||
r-release-macos-x86_64 | 1.1.0 | 44.00 | NOTE | |||
r-release-windows-x86_64 | 1.1.0 | 12.00 | 56.00 | 68.00 | NOTE | |
r-oldrel-macos-arm64 | 1.1.0 | 28.00 | OK | |||
r-oldrel-macos-x86_64 | 1.1.0 | 41.00 | OK | |||
r-oldrel-windows-x86_64 | 1.1.0 | 9.00 | 62.00 | 71.00 | OK |
Version: 1.1.0
Check: Rd files
Result: NOTE
checkRd: (-1) plot.Rd:42: Lost braces; missing escapes or markup?
42 | \item{color.off}{color code; specifying the color for set(s) which are "{absent}" for an intersection.}
| ^
Flavors: r-devel-linux-x86_64-debian-clang, r-devel-linux-x86_64-debian-gcc, r-devel-linux-x86_64-fedora-clang, r-devel-linux-x86_64-fedora-gcc, r-devel-windows-x86_64, r-patched-linux-x86_64, r-release-linux-x86_64, r-release-macos-arm64, r-release-macos-x86_64, r-release-windows-x86_64