Last updated on 2024-05-01 12:14:40 CEST.
Flavor | Version | Tinstall | Tcheck | Ttotal | Status | Flags |
---|---|---|---|---|---|---|
r-devel-linux-x86_64-debian-clang | 0.1.2 | 22.83 | 73.67 | 96.50 | OK | |
r-devel-linux-x86_64-debian-gcc | 0.1.2 | 21.14 | 55.56 | 76.70 | OK | |
r-devel-linux-x86_64-fedora-clang | 0.1.2 | 124.63 | NOTE | |||
r-devel-linux-x86_64-fedora-gcc | 0.1.2 | 139.23 | NOTE | |||
r-devel-windows-x86_64 | 0.1.2 | 24.00 | 80.00 | 104.00 | OK | |
r-patched-linux-x86_64 | 0.1.2 | 24.58 | 69.67 | 94.25 | OK | |
r-release-linux-x86_64 | 0.1.2 | 21.41 | 71.31 | 92.72 | OK | |
r-release-macos-arm64 | 0.1.2 | 51.00 | OK | |||
r-release-windows-x86_64 | 0.1.2 | 27.00 | 78.00 | 105.00 | OK | |
r-oldrel-macos-arm64 | 0.1.2 | 60.00 | OK | |||
r-oldrel-macos-x86_64 | 0.1.2 | 80.00 | OK | |||
r-oldrel-windows-x86_64 | 0.1.2 | 30.00 | 89.00 | 119.00 | OK |
Version: 0.1.2
Check: dependencies in R code
Result: NOTE
Namespace in Imports field not imported from: ‘data.table’
All declared Imports should be used.
Flavors: r-devel-linux-x86_64-fedora-clang, r-devel-linux-x86_64-fedora-gcc