Last updated on 2025-05-09 10:49:41 CEST.
Flavor | Version | Tinstall | Tcheck | Ttotal | Status | Flags |
---|---|---|---|---|---|---|
r-devel-linux-x86_64-debian-clang | 0.1.0 | 2.68 | 24.24 | 26.92 | NOTE | |
r-devel-linux-x86_64-debian-gcc | 0.1.0 | 1.80 | 19.94 | 21.74 | NOTE | |
r-devel-linux-x86_64-fedora-clang | 0.1.0 | 40.02 | OK | |||
r-devel-linux-x86_64-fedora-gcc | 0.1.0 | 37.94 | OK | |||
r-devel-windows-x86_64 | 0.1.0 | 4.00 | 43.00 | 47.00 | OK | |
r-patched-linux-x86_64 | 0.1.0 | 2.60 | 22.27 | 24.87 | OK | |
r-release-linux-x86_64 | 0.1.0 | 2.38 | 22.25 | 24.63 | OK | |
r-release-macos-arm64 | 0.1.0 | 22.00 | OK | |||
r-release-macos-x86_64 | 0.1.0 | 31.00 | OK | |||
r-release-windows-x86_64 | 0.1.0 | 4.00 | 44.00 | 48.00 | OK | |
r-oldrel-macos-arm64 | 0.1.0 | 19.00 | NOTE | |||
r-oldrel-macos-x86_64 | 0.1.0 | 25.00 | NOTE | |||
r-oldrel-windows-x86_64 | 0.1.0 | 4.00 | 47.00 | 51.00 | NOTE |
Version: 0.1.0
Check: CRAN incoming feasibility
Result: NOTE
Maintainer: ‘Tom Drake <t.drake@ed.ac.uk>’
No Authors@R field in DESCRIPTION.
Please add one, modifying
Authors@R: person(given = "Tom",
family = "Drake",
role = c("aut", "cre"),
email = "t.drake@ed.ac.uk")
as necessary.
Flavors: r-devel-linux-x86_64-debian-clang, r-devel-linux-x86_64-debian-gcc
Version: 0.1.0
Check: LazyData
Result: NOTE
'LazyData' is specified without a 'data' directory
Flavors: r-oldrel-macos-arm64, r-oldrel-macos-x86_64, r-oldrel-windows-x86_64