CRAN Package Check Results for Package String2AdjMatrix

Last updated on 2022-07-03 11:53:51 CEST.

Flavor Version Tinstall Tcheck Ttotal Status Flags
r-devel-linux-x86_64-debian-clang 0.1.0 2.08 21.22 23.30 NOTE
r-devel-linux-x86_64-debian-gcc 0.1.0 1.55 16.81 18.36 NOTE
r-devel-linux-x86_64-fedora-clang 0.1.0 39.61 NOTE
r-devel-linux-x86_64-fedora-gcc 0.1.0 38.76 NOTE
r-devel-windows-x86_64 0.1.0 11.00 44.00 55.00 NOTE
r-patched-linux-x86_64 0.1.0 1.55 20.97 22.52 NOTE
r-release-linux-x86_64 0.1.0 2.16 20.77 22.93 NOTE
r-release-macos-arm64 0.1.0 16.00 NOTE
r-release-macos-x86_64 0.1.0 21.00 NOTE
r-release-windows-x86_64 0.1.0 7.00 46.00 53.00 NOTE
r-oldrel-macos-arm64 0.1.0 20.00 NOTE
r-oldrel-macos-x86_64 0.1.0 25.00 NOTE
r-oldrel-windows-ix86+x86_64 0.1.0 6.00 38.00 44.00 NOTE

Check Details

Version: 0.1.0
Check: LazyData
Result: NOTE
     'LazyData' is specified without a 'data' directory
Flavors: r-devel-linux-x86_64-debian-clang, r-devel-linux-x86_64-debian-gcc, r-devel-linux-x86_64-fedora-clang, r-devel-linux-x86_64-fedora-gcc, r-devel-windows-x86_64, r-patched-linux-x86_64, r-release-linux-x86_64, r-release-macos-arm64, r-release-macos-x86_64, r-release-windows-x86_64, r-oldrel-macos-arm64, r-oldrel-macos-x86_64, r-oldrel-windows-ix86+x86_64