CRAN Package Check Results for Package StratifiedBalancing

Last updated on 2024-02-28 10:14:16 CET.

Flavor Version Tinstall Tcheck Ttotal Status Flags
r-devel-linux-x86_64-debian-clang 0.3.0 2.57 32.21 34.78 OK
r-devel-linux-x86_64-debian-gcc 0.3.0 2.76 24.65 27.41 OK
r-devel-linux-x86_64-fedora-clang 0.3.0 44.86 NOTE
r-devel-linux-x86_64-fedora-gcc 0.3.0 42.42 NOTE
r-devel-windows-x86_64 0.3.0 4.00 43.00 47.00 OK
r-patched-linux-x86_64 0.3.0 4.55 31.33 35.88 OK
r-release-linux-x86_64 0.3.0 3.47 31.70 35.17 OK
r-release-macos-arm64 0.3.0 21.00 OK
r-release-macos-x86_64 0.3.0 25.00 OK
r-release-windows-x86_64 0.3.0 5.00 46.00 51.00 OK
r-oldrel-macos-arm64 0.3.0 18.00 NOTE
r-oldrel-windows-x86_64 0.3.0 5.00 51.00 56.00 OK

Check Details

Version: 0.3.0
Check: dependencies in R code
Result: NOTE Namespace in Imports field not imported from: ‘bnlearn’ All declared Imports should be used. Flavors: r-devel-linux-x86_64-fedora-clang, r-devel-linux-x86_64-fedora-gcc, r-oldrel-macos-arm64