Last updated on 2024-07-17 12:40:43 CEST.
Flavor | Version | Tinstall | Tcheck | Ttotal | Status | Flags |
---|---|---|---|---|---|---|
r-devel-linux-x86_64-debian-clang | 1.0 | 34.98 | 27.60 | 62.58 | OK | |
r-devel-linux-x86_64-debian-gcc | 1.0 | 23.62 | 21.12 | 44.74 | OK | |
r-devel-linux-x86_64-fedora-clang | 1.0 | 91.67 | NOTE | |||
r-devel-linux-x86_64-fedora-gcc | 1.0 | 90.27 | NOTE | |||
r-devel-windows-x86_64 | 1.0 | 28.00 | 60.00 | 88.00 | OK | |
r-patched-linux-x86_64 | 1.0 | 26.80 | 26.60 | 53.40 | OK | |
r-release-linux-x86_64 | 1.0 | 26.19 | 25.85 | 52.04 | OK | |
r-release-macos-arm64 | 1.0 | 25.00 | OK | |||
r-release-macos-x86_64 | 1.0 | 33.00 | OK | |||
r-release-windows-x86_64 | 1.0 | 28.00 | 55.00 | 83.00 | OK | |
r-oldrel-macos-arm64 | 1.0 | 29.00 | OK | |||
r-oldrel-macos-x86_64 | 1.0 | 42.00 | OK | |||
r-oldrel-windows-x86_64 | 1.0 | 36.00 | 68.00 | 104.00 | OK |
Version: 1.0
Check: compiled code
Result: NOTE
File ‘StepwiseTest/libs/StepwiseTest.so’:
Found no calls to: ‘R_registerRoutines’, ‘R_useDynamicSymbols’
It is good practice to register native routines and to disable symbol
search.
See ‘Writing portable packages’ in the ‘Writing R Extensions’ manual.
Flavors: r-devel-linux-x86_64-fedora-clang, r-devel-linux-x86_64-fedora-gcc