CRAN Package Check Results for Package StepwiseTest

Last updated on 2022-06-26 11:52:45 CEST.

Flavor Version Tinstall Tcheck Ttotal Status Flags
r-devel-linux-x86_64-debian-clang 1.0 28.63 27.55 56.18 OK
r-devel-linux-x86_64-debian-gcc 1.0 25.46 21.22 46.68 OK
r-devel-linux-x86_64-fedora-clang 1.0 93.54 NOTE
r-devel-linux-x86_64-fedora-gcc 1.0 84.54 NOTE
r-devel-windows-x86_64 1.0 37.00 73.00 110.00 OK
r-patched-linux-x86_64 1.0 25.79 26.53 52.32 OK
r-release-linux-x86_64 1.0 24.41 26.39 50.80 OK
r-release-macos-arm64 1.0 27.00 OK
r-release-macos-x86_64 1.0 33.00 OK
r-release-windows-x86_64 1.0 33.00 71.00 104.00 OK
r-oldrel-macos-arm64 1.0 30.00 OK
r-oldrel-macos-x86_64 1.0 42.00 OK
r-oldrel-windows-ix86+x86_64 1.0 79.00 69.00 148.00 OK

Check Details

Version: 1.0
Check: compiled code
Result: NOTE
    File ‘StepwiseTest/libs/StepwiseTest.so’:
     Found no calls to: ‘R_registerRoutines’, ‘R_useDynamicSymbols’
    
    It is good practice to register native routines and to disable symbol
    search.
    
    See ‘Writing portable packages’ in the ‘Writing R Extensions’ manual.
Flavors: r-devel-linux-x86_64-fedora-clang, r-devel-linux-x86_64-fedora-gcc