Last updated on 2024-03-29 09:55:38 CET.
Flavor | Version | Tinstall | Tcheck | Ttotal | Status | Flags |
---|---|---|---|---|---|---|
r-devel-linux-x86_64-debian-clang | 1.0 | 35.02 | 27.23 | 62.25 | OK | |
r-devel-linux-x86_64-debian-gcc | 1.0 | 26.80 | 20.76 | 47.56 | OK | |
r-devel-linux-x86_64-fedora-clang | 1.0 | 87.86 | NOTE | |||
r-devel-linux-x86_64-fedora-gcc | 1.0 | 86.02 | NOTE | |||
r-devel-windows-x86_64 | 1.0 | 28.00 | 62.00 | 90.00 | OK | |
r-patched-linux-x86_64 | 1.0 | 31.79 | 26.61 | 58.40 | OK | |
r-release-linux-x86_64 | 1.0 | 34.48 | 26.11 | 60.59 | OK | |
r-release-macos-arm64 | 1.0 | 29.00 | OK | |||
r-release-macos-x86_64 | 1.0 | 42.00 | OK | |||
r-release-windows-x86_64 | 1.0 | 34.00 | 68.00 | 102.00 | OK | |
r-oldrel-macos-arm64 | 1.0 | 26.00 | OK | |||
r-oldrel-windows-x86_64 | 1.0 | 33.00 | 67.00 | 100.00 | OK |
Version: 1.0
Check: compiled code
Result: NOTE
File ‘StepwiseTest/libs/StepwiseTest.so’:
Found no calls to: ‘R_registerRoutines’, ‘R_useDynamicSymbols’
It is good practice to register native routines and to disable symbol
search.
See ‘Writing portable packages’ in the ‘Writing R Extensions’ manual.
Flavors: r-devel-linux-x86_64-fedora-clang, r-devel-linux-x86_64-fedora-gcc