Last updated on 2022-06-27 11:50:56 CEST.
Flavor | Version | Tinstall | Tcheck | Ttotal | Status | Flags |
---|---|---|---|---|---|---|
r-devel-linux-x86_64-debian-clang | 0.3.1 | 14.44 | 150.80 | 165.24 | OK | |
r-devel-linux-x86_64-debian-gcc | 0.3.1 | 11.40 | 111.64 | 123.04 | OK | |
r-devel-linux-x86_64-fedora-clang | 0.3.1 | 204.23 | NOTE | |||
r-devel-linux-x86_64-fedora-gcc | 0.3.1 | 205.09 | OK | |||
r-devel-windows-x86_64 | 0.3.1 | 35.00 | 177.00 | 212.00 | NOTE | |
r-patched-linux-x86_64 | 0.3.1 | 11.46 | 141.91 | 153.37 | OK | |
r-release-linux-x86_64 | 0.3.1 | 10.17 | 142.23 | 152.40 | OK | |
r-release-macos-arm64 | 0.3.1 | 57.00 | NOTE | |||
r-release-macos-x86_64 | 0.3.1 | 99.00 | NOTE | |||
r-release-windows-x86_64 | 0.3.1 | 48.00 | 183.00 | 231.00 | NOTE | |
r-oldrel-macos-arm64 | 0.3.1 | 55.00 | NOTE | |||
r-oldrel-macos-x86_64 | 0.3.1 | 79.00 | NOTE | |||
r-oldrel-windows-ix86+x86_64 | 0.3.1 | 32.00 | 174.00 | 206.00 | NOTE |
Version: 0.3.1
Check: installed package size
Result: NOTE
installed size is 5.2Mb
sub-directories of 1Mb or more:
doc 5.0Mb
Flavors: r-devel-linux-x86_64-fedora-clang, r-devel-windows-x86_64, r-release-macos-arm64, r-release-macos-x86_64, r-release-windows-x86_64, r-oldrel-macos-arm64, r-oldrel-macos-x86_64, r-oldrel-windows-ix86+x86_64