Last updated on 2022-07-01 11:52:12 CEST.
Flavor | Version | Tinstall | Tcheck | Ttotal | Status | Flags |
---|---|---|---|---|---|---|
r-devel-linux-x86_64-debian-clang | 1.1.0 | 3.20 | 22.88 | 26.08 | OK | |
r-devel-linux-x86_64-debian-gcc | 1.1.0 | 2.66 | 17.67 | 20.33 | OK | |
r-devel-linux-x86_64-fedora-clang | 1.1.0 | 43.04 | NOTE | |||
r-devel-linux-x86_64-fedora-gcc | 1.1.0 | 40.60 | NOTE | |||
r-devel-windows-x86_64 | 1.1.0 | 80.00 | 53.00 | 133.00 | NOTE | |
r-patched-linux-x86_64 | 1.1.0 | 3.26 | 21.95 | 25.21 | OK | |
r-release-linux-x86_64 | 1.1.0 | 3.27 | 22.37 | 25.64 | OK | |
r-release-macos-arm64 | 1.1.0 | 16.00 | NOTE | |||
r-release-macos-x86_64 | 1.1.0 | 26.00 | NOTE | |||
r-release-windows-x86_64 | 1.1.0 | 96.00 | 49.00 | 145.00 | NOTE | |
r-oldrel-macos-arm64 | 1.1.0 | 22.00 | NOTE | |||
r-oldrel-macos-x86_64 | 1.1.0 | 22.00 | NOTE | |||
r-oldrel-windows-ix86+x86_64 | 1.1.0 | 11.00 | 43.00 | 54.00 | NOTE |
Version: 1.1.0
Check: installed package size
Result: NOTE
installed size is 6.3Mb
sub-directories of 1Mb or more:
shiny-apps 6.2Mb
Flavors: r-devel-linux-x86_64-fedora-clang, r-devel-windows-x86_64, r-release-macos-arm64, r-release-macos-x86_64, r-release-windows-x86_64, r-oldrel-macos-arm64, r-oldrel-macos-x86_64, r-oldrel-windows-ix86+x86_64
Version: 1.1.0
Check: dependencies in R code
Result: NOTE
Namespaces in Imports field not imported from:
‘DDoutlier’ ‘car’ ‘corrplot’ ‘data.table’ ‘energy’ ‘ggplot2’
‘gridExtra’ ‘kableExtra’ ‘knitr’ ‘readr’ ‘reshape2’ ‘rmarkdown’
‘shinydisconnect’
All declared Imports should be used.
Flavors: r-devel-linux-x86_64-fedora-clang, r-devel-linux-x86_64-fedora-gcc, r-release-macos-arm64, r-release-macos-x86_64, r-oldrel-macos-arm64, r-oldrel-macos-x86_64