CRAN Package Check Results for Package StanHeaders

Last updated on 2022-07-06 12:53:47 CEST.

Flavor Version Tinstall Tcheck Ttotal Status Flags
r-devel-linux-x86_64-debian-clang 2.21.0-7 28.50 494.14 522.64 OK
r-devel-linux-x86_64-debian-gcc 2.21.0-7 23.98 403.27 427.25 OK
r-devel-linux-x86_64-fedora-clang 2.21.0-7 650.41 NOTE
r-devel-linux-x86_64-fedora-gcc 2.21.0-7 660.65 OK
r-devel-windows-x86_64 2.21.0-7 2418.00 605.00 3023.00 NOTE
r-patched-linux-x86_64 2.21.0-7 24.92 493.28 518.20 OK
r-release-linux-x86_64 2.21.0-7 27.64 494.43 522.07 OK
r-release-macos-arm64 2.21.0-7 144.00 NOTE
r-release-macos-x86_64 2.21.0-7 193.00 NOTE
r-release-windows-x86_64 2.21.0-7 2341.00 586.00 2927.00 NOTE
r-oldrel-macos-arm64 2.21.0-7 174.00 NOTE
r-oldrel-macos-x86_64 2.21.0-7 304.00 NOTE
r-oldrel-windows-ix86+x86_64 2.21.0-7 103.00 570.00 673.00 NOTE

Check Details

Version: 2.21.0-7
Check: installed package size
Result: NOTE
     installed size is 13.4Mb
     sub-directories of 1Mb or more:
     include 10.7Mb
     lib 2.5Mb
Flavors: r-devel-linux-x86_64-fedora-clang, r-devel-windows-x86_64, r-release-macos-arm64, r-release-macos-x86_64, r-release-windows-x86_64, r-oldrel-macos-arm64, r-oldrel-macos-x86_64, r-oldrel-windows-ix86+x86_64