Last updated on 2024-04-26 12:54:52 CEST.
Flavor | Version | Tinstall | Tcheck | Ttotal | Status | Flags |
---|---|---|---|---|---|---|
r-devel-linux-x86_64-debian-clang | 2.32.6 | 39.20 | 722.15 | 761.35 | NOTE | |
r-devel-linux-x86_64-debian-gcc | 2.32.7 | 33.22 | 539.12 | 572.34 | NOTE | |
r-devel-linux-x86_64-fedora-clang | 2.32.7 | 509.35 | NOTE | |||
r-devel-linux-x86_64-fedora-gcc | 2.32.7 | 1018.76 | NOTE | |||
r-devel-windows-x86_64 | 2.32.7 | 66.00 | 541.00 | 607.00 | NOTE | |
r-patched-linux-x86_64 | 2.32.6 | 33.62 | 762.14 | 795.76 | NOTE | |
r-release-linux-x86_64 | 2.32.6 | 37.87 | 763.35 | 801.22 | NOTE | |
r-release-macos-arm64 | 2.32.7 | 201.00 | NOTE | |||
r-release-macos-x86_64 | 2.32.7 | 621.00 | NOTE | |||
r-release-windows-x86_64 | 2.32.6 | 64.00 | 674.00 | 738.00 | NOTE | |
r-oldrel-macos-arm64 | 2.32.7 | 192.00 | NOTE | |||
r-oldrel-macos-x86_64 | 2.32.7 | 518.00 | NOTE | |||
r-oldrel-windows-x86_64 | 2.32.7 | 15.00 | 7.00 | 22.00 | ERROR |
Version: 2.32.6
Check: for GNU extensions in Makefiles
Result: NOTE
GNU make is a SystemRequirements.
Flavors: r-devel-linux-x86_64-debian-clang, r-patched-linux-x86_64, r-release-linux-x86_64, r-release-windows-x86_64
Version: 2.32.7
Check: for GNU extensions in Makefiles
Result: NOTE
GNU make is a SystemRequirements.
Flavors: r-devel-linux-x86_64-debian-gcc, r-devel-linux-x86_64-fedora-clang, r-devel-linux-x86_64-fedora-gcc, r-devel-windows-x86_64, r-release-macos-arm64, r-release-macos-x86_64, r-oldrel-macos-arm64, r-oldrel-macos-x86_64
Version: 2.32.7
Check: installed package size
Result: NOTE
installed size is 15.4Mb
sub-directories of 1Mb or more:
include 12.0Mb
lib 1.4Mb
Flavors: r-devel-linux-x86_64-fedora-clang, r-devel-windows-x86_64, r-release-macos-arm64, r-release-macos-x86_64, r-oldrel-macos-arm64, r-oldrel-macos-x86_64
Version: 2.32.6
Check: installed package size
Result: NOTE
installed size is 14.1Mb
sub-directories of 1Mb or more:
include 11.3Mb
Flavor: r-release-windows-x86_64
Version: 2.32.7
Check: whether package can be installed
Result: ERROR
Installation failed.
Flavor: r-oldrel-windows-x86_64