Last updated on 2024-08-16 12:49:21 CEST.
Flavor | Version | Tinstall | Tcheck | Ttotal | Status | Flags |
---|---|---|---|---|---|---|
r-devel-linux-x86_64-debian-clang | 2.1.2 | 27.72 | 412.46 | 440.18 | NOTE | |
r-devel-linux-x86_64-debian-gcc | 2.1.2 | 19.03 | 269.81 | 288.84 | NOTE | |
r-devel-linux-x86_64-fedora-clang | 2.1.2 | 726.96 | OK | |||
r-devel-linux-x86_64-fedora-gcc | 2.1.2 | 719.09 | OK | |||
r-devel-windows-x86_64 | 2.1.2 | 25.00 | 415.00 | 440.00 | NOTE | |
r-patched-linux-x86_64 | 2.1.2 | 29.82 | 395.43 | 425.25 | OK | |
r-release-linux-x86_64 | 2.1.2 | 25.52 | 397.18 | 422.70 | OK | |
r-release-macos-arm64 | 2.1.2 | 156.00 | OK | |||
r-release-macos-x86_64 | 2.1.2 | 275.00 | OK | |||
r-release-windows-x86_64 | 2.1.2 | 24.00 | 400.00 | 424.00 | OK | |
r-oldrel-macos-arm64 | 2.1.2 | 198.00 | OK | |||
r-oldrel-macos-x86_64 | 2.1.2 | 419.00 | OK | |||
r-oldrel-windows-x86_64 | 2.1.2 | 34.00 | 546.00 | 580.00 | OK |
Version: 2.1.2
Check: Rd cross-references
Result: NOTE
Found the following Rd file(s) with Rd \link{} targets missing package
anchors:
rasterReilly.Rd: ratify
Please provide package anchors for all Rd \link{} targets not in the
package itself and the base packages.
Flavors: r-devel-linux-x86_64-debian-clang, r-devel-linux-x86_64-debian-gcc, r-devel-windows-x86_64