Last updated on 2025-11-15 11:50:59 CET.
| Flavor | Version | Tinstall | Tcheck | Ttotal | Status | Flags |
|---|---|---|---|---|---|---|
| r-devel-linux-x86_64-debian-clang | 0.1.7 | 15.42 | 110.99 | 126.41 | NOTE | |
| r-devel-linux-x86_64-debian-gcc | 0.1.7 | 11.23 | 80.50 | 91.73 | NOTE | |
| r-devel-linux-x86_64-fedora-clang | 0.1.7 | 34.00 | 166.21 | 200.21 | OK | |
| r-devel-linux-x86_64-fedora-gcc | 0.1.7 | 36.00 | 150.61 | 186.61 | OK | |
| r-devel-windows-x86_64 | 0.1.7 | 17.00 | 108.00 | 125.00 | NOTE | |
| r-patched-linux-x86_64 | 0.1.7 | 14.59 | 105.34 | 119.93 | NOTE | |
| r-release-linux-x86_64 | 0.1.7 | 13.20 | 104.53 | 117.73 | NOTE | |
| r-release-macos-arm64 | 0.1.7 | 5.00 | 40.00 | 45.00 | OK | |
| r-release-macos-x86_64 | 0.1.7 | 11.00 | 72.00 | 83.00 | OK | |
| r-release-windows-x86_64 | 0.1.7 | 15.00 | 106.00 | 121.00 | NOTE | |
| r-oldrel-macos-arm64 | 0.1.7 | 5.00 | 38.00 | 43.00 | OK | |
| r-oldrel-macos-x86_64 | 0.1.7 | 8.00 | 60.00 | 68.00 | OK | |
| r-oldrel-windows-x86_64 | 0.1.7 | 22.00 | 140.00 | 162.00 | OK |
Version: 0.1.7
Check: Rd cross-references
Result: NOTE
Found the following Rd file(s) with Rd \link{} targets missing package
anchors:
grf.Rd: ranger
grf.bw.Rd: ranger
Please provide package anchors for all Rd \link{} targets not in the
package itself and the base packages.
Flavors: r-devel-linux-x86_64-debian-clang, r-devel-linux-x86_64-debian-gcc, r-devel-windows-x86_64, r-patched-linux-x86_64, r-release-linux-x86_64, r-release-windows-x86_64