CRAN Package Check Results for Package SpatialKWD

Last updated on 2022-07-04 12:54:22 CEST.

Flavor Version Tinstall Tcheck Ttotal Status Flags
r-devel-linux-x86_64-debian-clang 0.4.0 38.72 41.16 79.88 OK
r-devel-linux-x86_64-debian-gcc 0.4.0 35.30 33.30 68.60 OK
r-devel-linux-x86_64-fedora-clang 0.4.0 129.51 OK
r-devel-linux-x86_64-fedora-gcc 0.4.0 117.54 OK
r-devel-windows-x86_64 0.4.0 37.00 87.00 124.00 OK
r-patched-linux-x86_64 0.4.0 36.60 43.53 80.13 OK
r-release-linux-x86_64 0.4.0 33.70 41.90 75.60 OK
r-release-macos-arm64 0.4.0 33.00 NOTE
r-release-macos-x86_64 0.4.0 41.00 NOTE
r-release-windows-x86_64 0.4.0 38.00 90.00 128.00 OK
r-oldrel-macos-arm64 0.4.0 40.00 NOTE
r-oldrel-macos-x86_64 0.4.0 56.00 NOTE
r-oldrel-windows-ix86+x86_64 0.4.0 92.00 92.00 184.00 OK

Check Details

Version: 0.4.0
Check: installed package size
Result: NOTE
     installed size is 5.9Mb
     sub-directories of 1Mb or more:
     libs 5.4Mb
Flavors: r-release-macos-arm64, r-release-macos-x86_64, r-oldrel-macos-arm64, r-oldrel-macos-x86_64