CRAN Package Check Results for Package SpatialGraph

Last updated on 2024-02-22 12:48:39 CET.

Flavor Version Tinstall Tcheck Ttotal Status Flags
r-devel-linux-x86_64-debian-clang 1.0-4 NOTE
r-devel-linux-x86_64-debian-gcc 1.0-4 6.29 56.16 62.45 NOTE
r-devel-linux-x86_64-fedora-clang 1.0-4 105.45 NOTE
r-devel-linux-x86_64-fedora-gcc 1.0-4 104.08 NOTE
r-devel-windows-x86_64 1.0-4 8.00 71.00 79.00 OK
r-patched-linux-x86_64 1.0-4 8.62 72.94 81.56 OK
r-release-linux-x86_64 1.0-4 8.48 72.23 80.71 OK
r-release-macos-arm64 1.0-4 34.00 OK
r-release-macos-x86_64 1.0-4 75.00 OK
r-release-windows-x86_64 1.0-4 10.00 84.00 94.00 OK
r-oldrel-macos-arm64 1.0-4 37.00 OK
r-oldrel-windows-x86_64 1.0-4 12.00 92.00 104.00 OK

Check Details

Version: 1.0-4
Check: Rd files
Result: NOTE checkRd: (-1) distSG.Rd:40: Lost braces; missing escapes or markup? 40 | matrix and weight matrix (plus a matrix with {eID} identifiers | ^ Flavors: r-devel-linux-x86_64-debian-clang, r-devel-linux-x86_64-debian-gcc, r-devel-linux-x86_64-fedora-clang, r-devel-linux-x86_64-fedora-gcc