Last updated on 2023-11-30 10:49:02 CET.
Flavor | Version | Tinstall | Tcheck | Ttotal | Status | Flags |
---|---|---|---|---|---|---|
r-devel-linux-x86_64-debian-clang | 0.1.0 | 47.74 | 532.14 | 579.88 | OK | |
r-devel-linux-x86_64-debian-gcc | 0.1.0 | 38.12 | 398.85 | 436.97 | OK | |
r-devel-linux-x86_64-fedora-clang | 0.1.0 | 734.39 | NOTE | |||
r-devel-linux-x86_64-fedora-gcc | 0.1.0 | 759.34 | NOTE | |||
r-devel-windows-x86_64 | 0.1.0 | 50.00 | 519.00 | 569.00 | OK | |
r-patched-linux-x86_64 | 0.1.0 | 50.56 | 507.60 | 558.16 | OK | |
r-release-linux-x86_64 | 0.1.0 | 35.77 | 510.10 | 545.87 | OK | |
r-release-macos-arm64 | 0.1.0 | 8.00 | ERROR | |||
r-release-macos-x86_64 | 0.1.0 | 12.00 | ERROR | |||
r-release-windows-x86_64 | 0.1.0 | 58.00 | 676.00 | 734.00 | OK | |
r-oldrel-macos-arm64 | 0.1.0 | 8.00 | ERROR | |||
r-oldrel-macos-x86_64 | 0.1.0 | 21.00 | ERROR | |||
r-oldrel-windows-x86_64 | 0.1.0 | 54.00 | 483.00 | 537.00 | OK |
Version: 0.1.0
Check: dependencies in R code
Result: NOTE
Namespace in Imports field not imported from: ‘grDevices’
All declared Imports should be used.
Flavors: r-devel-linux-x86_64-fedora-clang, r-devel-linux-x86_64-fedora-gcc
Version: 0.1.0
Check: package dependencies
Result: ERROR
Package required but not available: ‘SpatialExperiment’
Packages suggested but not available for checking: 'rhdf5', 'HDF5Array'
See section ‘The DESCRIPTION file’ in the ‘Writing R Extensions’
manual.
Flavors: r-release-macos-arm64, r-release-macos-x86_64
Version: 0.1.0
Check: package dependencies
Result: ERROR
Packages required but not available: 'SpatialExperiment', 'zinbwave'
See section ‘The DESCRIPTION file’ in the ‘Writing R Extensions’
manual.
Flavor: r-oldrel-macos-arm64
Version: 0.1.0
Check: package dependencies
Result: ERROR
Package required but not available: ‘SpatialExperiment’
See section ‘The DESCRIPTION file’ in the ‘Writing R Extensions’
manual.
Flavor: r-oldrel-macos-x86_64