Last updated on 2024-04-18 12:53:02 CEST.
Flavor | Version | Tinstall | Tcheck | Ttotal | Status | Flags |
---|---|---|---|---|---|---|
r-devel-linux-x86_64-debian-clang | 0.99.5 | 3.51 | 99.88 | 103.39 | NOTE | |
r-devel-linux-x86_64-debian-gcc | 0.99.5 | 3.91 | 78.13 | 82.04 | NOTE | |
r-devel-linux-x86_64-fedora-clang | 0.99.5 | 131.58 | NOTE | |||
r-devel-linux-x86_64-fedora-gcc | 0.99.5 | 153.33 | NOTE | |||
r-prerel-macos-arm64 | 0.99.5 | 58.00 | NOTE | |||
r-prerel-windows-x86_64 | 0.99.5 | 5.00 | 141.00 | 146.00 | NOTE | |
r-patched-linux-x86_64 | 0.99.5 | 6.01 | 99.75 | 105.76 | NOTE | |
r-release-linux-x86_64 | 0.99.5 | 5.10 | 94.94 | 100.04 | OK | |
r-release-macos-arm64 | 0.99.5 | 64.00 | OK | |||
r-release-macos-x86_64 | 0.99.5 | 134.00 | OK | |||
r-release-windows-x86_64 | 0.99.5 | 7.00 | 127.00 | 134.00 | OK | |
r-oldrel-macos-arm64 | 0.99.5 | 53.00 | OK | |||
r-oldrel-windows-x86_64 | 0.99.5 | 9.00 | 135.00 | 144.00 | OK |
Version: 0.99.5
Check: Rd files
Result: NOTE
checkRd: (-1) mu_calc.Rd:32: Lost braces; missing escapes or markup?
32 | mu_{d} | mu_{d} < mu_{d-1} and mu_{d} | mu_{d} > mu_{d-1} respecitively.
| ^
checkRd: (-1) mu_calc.Rd:32: Lost braces; missing escapes or markup?
32 | mu_{d} | mu_{d} < mu_{d-1} and mu_{d} | mu_{d} > mu_{d-1} respecitively.
| ^
checkRd: (-1) mu_calc.Rd:32: Lost braces; missing escapes or markup?
32 | mu_{d} | mu_{d} < mu_{d-1} and mu_{d} | mu_{d} > mu_{d-1} respecitively.
| ^
checkRd: (-1) mu_calc.Rd:32: Lost braces; missing escapes or markup?
32 | mu_{d} | mu_{d} < mu_{d-1} and mu_{d} | mu_{d} > mu_{d-1} respecitively.
| ^
checkRd: (-1) mu_calc.Rd:32: Lost braces; missing escapes or markup?
32 | mu_{d} | mu_{d} < mu_{d-1} and mu_{d} | mu_{d} > mu_{d-1} respecitively.
| ^
checkRd: (-1) mu_calc.Rd:32: Lost braces; missing escapes or markup?
32 | mu_{d} | mu_{d} < mu_{d-1} and mu_{d} | mu_{d} > mu_{d-1} respecitively.
| ^
Flavors: r-devel-linux-x86_64-debian-clang, r-devel-linux-x86_64-debian-gcc, r-devel-linux-x86_64-fedora-clang, r-devel-linux-x86_64-fedora-gcc, r-prerel-macos-arm64, r-prerel-windows-x86_64, r-patched-linux-x86_64