Last updated on 2022-07-06 12:53:47 CEST.
Flavor | Version | Tinstall | Tcheck | Ttotal | Status | Flags |
---|---|---|---|---|---|---|
r-devel-linux-x86_64-debian-clang | 1.0 | 104.62 | 72.52 | 177.14 | OK | |
r-devel-linux-x86_64-debian-gcc | 1.0 | 88.39 | 56.55 | 144.94 | OK | |
r-devel-linux-x86_64-fedora-clang | 1.0 | 269.66 | WARN | |||
r-devel-linux-x86_64-fedora-gcc | 1.0 | 242.46 | WARN | |||
r-devel-windows-x86_64 | 1.0 | 89.00 | 115.00 | 204.00 | OK | |
r-patched-linux-x86_64 | 1.0 | 94.55 | 71.92 | 166.47 | OK | |
r-release-linux-x86_64 | 1.0 | 89.03 | 70.58 | 159.61 | OK | |
r-release-macos-arm64 | 1.0 | 58.00 | OK | |||
r-release-macos-x86_64 | 1.0 | 87.00 | OK | |||
r-release-windows-x86_64 | 1.0 | 85.00 | 118.00 | 203.00 | OK | |
r-oldrel-macos-arm64 | 1.0 | 64.00 | OK | |||
r-oldrel-macos-x86_64 | 1.0 | 112.00 | OK | |||
r-oldrel-windows-ix86+x86_64 | 1.0 | 272.00 | 132.00 | 404.00 | OK |
Version: 1.0
Check: package dependencies
Result: WARN
Requires orphaned package: ‘gtools’
Flavors: r-devel-linux-x86_64-fedora-clang, r-devel-linux-x86_64-fedora-gcc