CRAN Package Check Results for Package SparseBiplots

Last updated on 2022-06-26 11:52:45 CEST.

Flavor Version Tinstall Tcheck Ttotal Status Flags
r-devel-linux-x86_64-debian-clang 4.0.1 11.52 101.69 113.21 OK
r-devel-linux-x86_64-debian-gcc 4.0.1 9.33 75.60 84.93 OK
r-devel-linux-x86_64-fedora-clang 4.0.1 143.17 NOTE
r-devel-linux-x86_64-fedora-gcc 4.0.1 141.41 NOTE
r-devel-windows-x86_64 4.0.1 19.00 122.00 141.00 OK
r-patched-linux-x86_64 4.0.1 15.64 94.51 110.15 OK
r-release-linux-x86_64 4.0.1 7.77 95.32 103.09 OK
r-release-macos-arm64 4.0.1 38.00 NOTE
r-release-macos-x86_64 4.0.1 70.00 NOTE
r-release-windows-x86_64 4.0.1 25.00 122.00 147.00 OK
r-oldrel-macos-arm64 4.0.1 42.00 NOTE
r-oldrel-macos-x86_64 4.0.1 59.00 NOTE
r-oldrel-windows-ix86+x86_64 4.0.1 24.00 118.00 142.00 OK

Check Details

Version: 4.0.1
Check: dependencies in R code
Result: NOTE
    Namespaces in Imports field not imported from:
     ‘gtable’ ‘rlang’ ‘testthat’
     All declared Imports should be used.
Flavors: r-devel-linux-x86_64-fedora-clang, r-devel-linux-x86_64-fedora-gcc, r-release-macos-arm64, r-release-macos-x86_64, r-oldrel-macos-arm64, r-oldrel-macos-x86_64