Last updated on 2024-04-20 11:50:33 CEST.
Flavor | Version | Tinstall | Tcheck | Ttotal | Status | Flags |
---|---|---|---|---|---|---|
r-devel-linux-x86_64-debian-clang | 4.0.1 | 11.85 | 92.22 | 104.07 | OK | |
r-devel-linux-x86_64-debian-gcc | 4.0.1 | 7.43 | 70.23 | 77.66 | OK | |
r-devel-linux-x86_64-fedora-clang | 4.0.1 | 132.59 | NOTE | |||
r-devel-linux-x86_64-fedora-gcc | 4.0.1 | 130.38 | NOTE | |||
r-prerel-macos-arm64 | 4.0.1 | 38.00 | OK | |||
r-prerel-windows-x86_64 | 4.0.1 | 9.00 | 83.00 | 92.00 | OK | |
r-patched-linux-x86_64 | 4.0.1 | 11.46 | 91.01 | 102.47 | OK | |
r-release-linux-x86_64 | 4.0.1 | 6.43 | 94.08 | 100.51 | OK | |
r-release-macos-arm64 | 4.0.1 | 45.00 | OK | |||
r-release-macos-x86_64 | 4.0.1 | 82.00 | OK | |||
r-release-windows-x86_64 | 4.0.1 | 12.00 | 100.00 | 112.00 | OK | |
r-oldrel-macos-arm64 | 4.0.1 | 38.00 | NOTE | |||
r-oldrel-windows-x86_64 | 4.0.1 | 13.00 | 103.00 | 116.00 | OK |
Version: 4.0.1
Check: dependencies in R code
Result: NOTE
Namespaces in Imports field not imported from:
‘gtable’ ‘rlang’ ‘testthat’
All declared Imports should be used.
Flavors: r-devel-linux-x86_64-fedora-clang, r-devel-linux-x86_64-fedora-gcc, r-oldrel-macos-arm64