Last updated on 2023-11-30 10:49:02 CET.
Flavor | Version | Tinstall | Tcheck | Ttotal | Status | Flags |
---|---|---|---|---|---|---|
r-devel-linux-x86_64-debian-clang | 2.0.5 | 51.89 | 574.83 | 626.72 | NOTE | |
r-devel-linux-x86_64-debian-gcc | 2.0.5 | 39.59 | 409.48 | 449.07 | NOTE | |
r-devel-linux-x86_64-fedora-clang | 2.0.5 | 808.73 | NOTE | |||
r-devel-linux-x86_64-fedora-gcc | 2.0.5 | 763.85 | NOTE | |||
r-devel-windows-x86_64 | 2.0.5 | 45.00 | 364.00 | 409.00 | NOTE | |
r-patched-linux-x86_64 | 2.0.5 | 55.17 | 515.75 | 570.92 | NOTE | |
r-release-linux-x86_64 | 2.0.5 | 50.94 | 519.06 | 570.00 | NOTE | |
r-release-macos-arm64 | 2.0.5 | 184.00 | NOTE | |||
r-release-macos-x86_64 | 2.0.5 | 502.00 | NOTE | |||
r-release-windows-x86_64 | 2.0.5 | 62.00 | 509.00 | 571.00 | NOTE | |
r-oldrel-macos-arm64 | 2.0.5 | 170.00 | OK | |||
r-oldrel-macos-x86_64 | 2.0.4 | 224.00 | NOTE | |||
r-oldrel-windows-x86_64 | 2.0.5 | 58.00 | 499.00 | 557.00 | NOTE |
Version: 2.0.5
Check: package dependencies
Result: NOTE
Package suggested but not available for checking: ‘NLMR’
Flavors: r-devel-linux-x86_64-debian-clang, r-devel-linux-x86_64-debian-gcc, r-devel-linux-x86_64-fedora-clang, r-devel-linux-x86_64-fedora-gcc, r-devel-windows-x86_64, r-patched-linux-x86_64, r-release-linux-x86_64, r-release-macos-arm64, r-release-macos-x86_64, r-release-windows-x86_64, r-oldrel-windows-x86_64
Version: 2.0.4
Check: package dependencies
Result: NOTE
Package suggested but not available for checking: ‘NLMR’
Flavor: r-oldrel-macos-x86_64