CRAN Package Check Results for Package SpaDES.core

Last updated on 2024-02-24 11:49:40 CET.

Flavor Version Tinstall Tcheck Ttotal Status Flags
r-devel-linux-x86_64-debian-clang 2.0.3 61.74 572.99 634.73 NOTE
r-devel-linux-x86_64-debian-gcc 2.0.3 49.56 436.30 485.86 NOTE
r-devel-linux-x86_64-fedora-clang 2.0.3 767.06 NOTE
r-devel-linux-x86_64-fedora-gcc 2.0.3 755.88 NOTE
r-devel-windows-x86_64 2.0.3 52.00 449.00 501.00 NOTE
r-patched-linux-x86_64 2.0.3 78.44 549.56 628.00 NOTE
r-release-linux-x86_64 2.0.3 55.32 545.50 600.82 NOTE
r-release-macos-arm64 2.0.3 198.00 NOTE
r-release-macos-x86_64 2.0.3 552.00 NOTE
r-release-windows-x86_64 2.0.3 72.00 538.00 610.00 NOTE
r-oldrel-macos-arm64 2.0.3 304.00 NOTE
r-oldrel-windows-x86_64 2.0.3 74.00 491.00 565.00 NOTE

Additional issues

noSuggests

Check Details

Version: 2.0.3
Check: package dependencies
Result: NOTE Package suggested but not available for checking: ‘NLMR’ Flavors: r-devel-linux-x86_64-debian-clang, r-devel-linux-x86_64-debian-gcc, r-devel-linux-x86_64-fedora-clang, r-devel-linux-x86_64-fedora-gcc, r-devel-windows-x86_64, r-patched-linux-x86_64, r-release-linux-x86_64, r-release-macos-arm64, r-release-macos-x86_64, r-release-windows-x86_64, r-oldrel-windows-x86_64

Version: 2.0.3
Check: installed package size
Result: NOTE installed size is 6.7Mb sub-directories of 1Mb or more: R 4.9Mb Flavors: r-devel-linux-x86_64-fedora-clang, r-devel-windows-x86_64, r-release-macos-arm64, r-release-macos-x86_64, r-release-windows-x86_64, r-oldrel-macos-arm64, r-oldrel-windows-x86_64