Last updated on 2024-03-28 09:51:57 CET.
Flavor | Version | Tinstall | Tcheck | Ttotal | Status | Flags |
---|---|---|---|---|---|---|
r-devel-linux-x86_64-debian-clang | 2.0.3 | 62.29 | 592.45 | 654.74 | NOTE | |
r-devel-linux-x86_64-debian-gcc | 2.0.3 | 54.21 | 430.43 | 484.64 | NOTE | |
r-devel-linux-x86_64-fedora-clang | 2.0.3 | 777.91 | NOTE | |||
r-devel-linux-x86_64-fedora-gcc | 2.0.3 | 767.73 | NOTE | |||
r-devel-windows-x86_64 | 2.0.3 | 51.00 | 386.00 | 437.00 | NOTE | |
r-patched-linux-x86_64 | 2.0.3 | 65.64 | 562.78 | 628.42 | NOTE | |
r-release-linux-x86_64 | 2.0.3 | 53.70 | 540.40 | 594.10 | NOTE | |
r-release-macos-arm64 | 2.0.3 | 198.00 | NOTE | |||
r-release-macos-x86_64 | 2.0.3 | 552.00 | NOTE | |||
r-release-windows-x86_64 | 2.0.3 | 72.00 | 538.00 | 610.00 | NOTE | |
r-oldrel-macos-arm64 | 2.0.3 | 304.00 | NOTE | |||
r-oldrel-windows-x86_64 | 2.0.3 | 77.00 | 465.00 | 542.00 | NOTE |
Version: 2.0.3
Check: package dependencies
Result: NOTE
Package suggested but not available for checking: ‘NLMR’
Flavors: r-devel-linux-x86_64-debian-clang, r-devel-linux-x86_64-debian-gcc, r-devel-linux-x86_64-fedora-clang, r-devel-linux-x86_64-fedora-gcc, r-devel-windows-x86_64, r-patched-linux-x86_64, r-release-linux-x86_64, r-release-macos-arm64, r-release-macos-x86_64, r-release-windows-x86_64, r-oldrel-windows-x86_64
Version: 2.0.3
Check: installed package size
Result: NOTE
installed size is 6.7Mb
sub-directories of 1Mb or more:
R 4.9Mb
Flavors: r-devel-linux-x86_64-fedora-clang, r-devel-windows-x86_64, r-release-macos-arm64, r-release-macos-x86_64, r-release-windows-x86_64, r-oldrel-macos-arm64, r-oldrel-windows-x86_64