Last updated on 2022-06-26 11:52:45 CEST.
Flavor | Version | Tinstall | Tcheck | Ttotal | Status | Flags |
---|---|---|---|---|---|---|
r-devel-linux-x86_64-debian-clang | 1.6.1 | 73.21 | 334.78 | 407.99 | OK | |
r-devel-linux-x86_64-debian-gcc | 1.6.1 | 67.36 | 249.83 | 317.19 | OK | |
r-devel-linux-x86_64-fedora-clang | 1.6.1 | 499.88 | WARN | |||
r-devel-linux-x86_64-fedora-gcc | 1.6.1 | 492.55 | WARN | |||
r-devel-windows-x86_64 | 1.6.1 | 84.00 | 357.00 | 441.00 | NOTE | |
r-patched-linux-x86_64 | 1.6.1 | 54.55 | 311.37 | 365.92 | OK | |
r-release-linux-x86_64 | 1.6.1 | 57.92 | 315.14 | 373.06 | OK | |
r-release-macos-arm64 | 1.6.1 | 215.00 | NOTE | |||
r-release-macos-x86_64 | 1.6.1 | 202.00 | NOTE | |||
r-release-windows-x86_64 | 1.6.1 | 90.00 | 363.00 | 453.00 | NOTE | |
r-oldrel-macos-arm64 | 1.6.1 | 159.00 | NOTE | |||
r-oldrel-macos-x86_64 | 1.6.1 | 195.00 | NOTE | |||
r-oldrel-windows-ix86+x86_64 | 1.6.1 | 129.00 | 364.00 | 493.00 | NOTE |
Version: 1.6.1
Check: package dependencies
Result: WARN
Requires (indirectly) orphaned package: ‘gtools’
Flavors: r-devel-linux-x86_64-fedora-clang, r-devel-linux-x86_64-fedora-gcc
Version: 1.6.1
Check: installed package size
Result: NOTE
installed size is 5.8Mb
sub-directories of 1Mb or more:
data 3.9Mb
doc 1.0Mb
Flavors: r-devel-linux-x86_64-fedora-clang, r-devel-windows-x86_64, r-release-macos-arm64, r-release-macos-x86_64, r-release-windows-x86_64, r-oldrel-macos-arm64, r-oldrel-macos-x86_64, r-oldrel-windows-ix86+x86_64
Version: 1.6.1
Check: package dependencies
Result: NOTE
Package suggested but not available for checking: ‘DropletUtils’
Flavors: r-release-macos-arm64, r-release-macos-x86_64, r-oldrel-macos-arm64, r-oldrel-macos-x86_64