Last updated on 2024-04-23 10:54:18 CEST.
Flavor | Version | Tinstall | Tcheck | Ttotal | Status | Flags |
---|---|---|---|---|---|---|
r-devel-linux-x86_64-debian-clang | 1.2 | 3.28 | 23.98 | 27.26 | NOTE | |
r-devel-linux-x86_64-debian-gcc | 1.2 | 2.54 | 18.50 | 21.04 | NOTE | |
r-devel-linux-x86_64-fedora-clang | 1.2 | 36.37 | NOTE | |||
r-devel-linux-x86_64-fedora-gcc | 1.2 | 33.69 | NOTE | |||
r-prerel-macos-arm64 | 1.2 | 16.00 | NOTE | |||
r-prerel-windows-x86_64 | 1.2 | 6.00 | 42.00 | 48.00 | NOTE | |
r-patched-linux-x86_64 | 1.2 | 3.25 | 23.21 | 26.46 | NOTE | |
r-release-linux-x86_64 | 1.2 | 3.06 | 22.27 | 25.33 | NOTE | |
r-release-macos-arm64 | 1.2 | 17.00 | NOTE | |||
r-release-macos-x86_64 | 1.2 | 21.00 | NOTE | |||
r-release-windows-x86_64 | 1.2 | 6.00 | 42.00 | 48.00 | NOTE | |
r-oldrel-macos-arm64 | 1.2 | 20.00 | NOTE | |||
r-oldrel-windows-x86_64 | 1.2 | 6.00 | 46.00 | 52.00 | NOTE |
Version: 1.2
Check: package dependencies
Result: NOTE
Package suggested but not available for checking: ‘SciencesPo’
Flavors: r-devel-linux-x86_64-debian-clang, r-devel-linux-x86_64-debian-gcc, r-devel-linux-x86_64-fedora-clang, r-devel-linux-x86_64-fedora-gcc, r-prerel-macos-arm64, r-prerel-windows-x86_64, r-patched-linux-x86_64, r-release-linux-x86_64, r-release-macos-arm64, r-release-macos-x86_64, r-release-windows-x86_64, r-oldrel-macos-arm64, r-oldrel-windows-x86_64
Version: 1.2
Check: LazyData
Result: NOTE
'LazyData' is specified without a 'data' directory
Flavors: r-devel-linux-x86_64-debian-clang, r-devel-linux-x86_64-debian-gcc, r-devel-linux-x86_64-fedora-clang, r-devel-linux-x86_64-fedora-gcc, r-prerel-macos-arm64, r-prerel-windows-x86_64, r-patched-linux-x86_64, r-release-linux-x86_64, r-release-macos-arm64, r-release-macos-x86_64, r-release-windows-x86_64, r-oldrel-macos-arm64, r-oldrel-windows-x86_64
Version: 1.2
Check: compiled code
Result: NOTE
File ‘SoundexBR/libs/SoundexBR.so’:
Found no calls to: ‘R_registerRoutines’, ‘R_useDynamicSymbols’
It is good practice to register native routines and to disable symbol
search.
See ‘Writing portable packages’ in the ‘Writing R Extensions’ manual.
Flavors: r-devel-linux-x86_64-fedora-clang, r-devel-linux-x86_64-fedora-gcc