CRAN Package Check Results for Package SoundexBR

Last updated on 2022-06-29 11:52:22 CEST.

Flavor Version Tinstall Tcheck Ttotal Status Flags
r-devel-linux-x86_64-debian-clang 1.2 2.85 24.10 26.95 NOTE
r-devel-linux-x86_64-debian-gcc 1.2 2.53 18.95 21.48 NOTE
r-devel-linux-x86_64-fedora-clang 1.2 44.50 NOTE
r-devel-linux-x86_64-fedora-gcc 1.2 44.17 NOTE
r-devel-windows-x86_64 1.2 23.00 49.00 72.00 NOTE
r-patched-linux-x86_64 1.2 2.59 23.39 25.98 NOTE
r-release-linux-x86_64 1.2 2.65 24.21 26.86 NOTE
r-release-macos-arm64 1.2 17.00 NOTE
r-release-macos-x86_64 1.2 26.00 NOTE
r-release-windows-x86_64 1.2 21.00 49.00 70.00 NOTE
r-oldrel-macos-arm64 1.2 19.00 NOTE
r-oldrel-macos-x86_64 1.2 26.00 NOTE
r-oldrel-windows-ix86+x86_64 1.2 9.00 57.00 66.00 NOTE

Check Details

Version: 1.2
Check: package dependencies
Result: NOTE
    Package suggested but not available for checking: 'SciencesPo'
Flavors: r-devel-linux-x86_64-debian-clang, r-devel-linux-x86_64-debian-gcc, r-devel-linux-x86_64-fedora-clang, r-devel-linux-x86_64-fedora-gcc, r-devel-windows-x86_64, r-patched-linux-x86_64, r-release-linux-x86_64, r-release-macos-arm64, r-release-macos-x86_64, r-release-windows-x86_64, r-oldrel-macos-arm64, r-oldrel-macos-x86_64, r-oldrel-windows-ix86+x86_64

Version: 1.2
Check: LazyData
Result: NOTE
     'LazyData' is specified without a 'data' directory
Flavors: r-devel-linux-x86_64-debian-clang, r-devel-linux-x86_64-debian-gcc, r-devel-linux-x86_64-fedora-clang, r-devel-linux-x86_64-fedora-gcc, r-devel-windows-x86_64, r-patched-linux-x86_64, r-release-linux-x86_64, r-release-macos-arm64, r-release-macos-x86_64, r-release-windows-x86_64, r-oldrel-macos-arm64, r-oldrel-macos-x86_64, r-oldrel-windows-ix86+x86_64

Version: 1.2
Check: compiled code
Result: NOTE
    File ‘SoundexBR/libs/SoundexBR.so’:
     Found no calls to: ‘R_registerRoutines’, ‘R_useDynamicSymbols’
    
    It is good practice to register native routines and to disable symbol
    search.
    
    See ‘Writing portable packages’ in the ‘Writing R Extensions’ manual.
Flavors: r-devel-linux-x86_64-fedora-clang, r-devel-linux-x86_64-fedora-gcc