Last updated on 2025-04-29 12:52:50 CEST.
Flavor | Version | Tinstall | Tcheck | Ttotal | Status | Flags |
---|---|---|---|---|---|---|
r-devel-linux-x86_64-debian-clang | 1.0.1 | 2.10 | 20.31 | 22.41 | NOTE | |
r-devel-linux-x86_64-debian-gcc | 1.0.1 | 1.76 | 16.97 | 18.73 | NOTE | |
r-devel-linux-x86_64-fedora-clang | 1.0.1 | 35.19 | OK | |||
r-devel-linux-x86_64-fedora-gcc | 1.0.1 | 35.57 | OK | |||
r-devel-windows-x86_64 | 1.0.1 | 3.00 | 44.00 | 47.00 | OK | |
r-patched-linux-x86_64 | 1.0.1 | 2.33 | 19.87 | 22.20 | OK | |
r-release-linux-x86_64 | 1.0.1 | 2.11 | 19.88 | 21.99 | OK | |
r-release-macos-arm64 | 1.0.1 | 15.00 | OK | |||
r-release-macos-x86_64 | 1.0.1 | 27.00 | OK | |||
r-release-windows-x86_64 | 1.0.1 | 3.00 | 46.00 | 49.00 | OK | |
r-oldrel-macos-arm64 | 1.0.1 | 22.00 | OK | |||
r-oldrel-macos-x86_64 | 1.0.1 | 41.00 | OK | |||
r-oldrel-windows-x86_64 | 1.0.1 | 5.00 | 59.00 | 64.00 | OK |
Version: 1.0.1
Check: CRAN incoming feasibility
Result: NOTE
Maintainer: ‘Dione Pereira Cardoso <cardoso.dione@gmail.com>’
Found the following \keyword or \concept entries
which likely give several index terms:
File ‘KFactor.Rd’:
\keyword{Nomograph; Particle-size; Organic matter; [TRUNCATED]
File ‘RFactor_calc.Rd’:
\keyword{Erosivity index; R-Factor; Universal Soil [TRUNCATED]
File ‘RFactor_est.Rd’:
\keyword{Erosivity index; R-Factor; Universal Soil [TRUNCATED]
File ‘SoilConservation.Rd’:
\keyword{Soil Conservation; Erosivity index; R-Fac [TRUNCATED]
File ‘SoilLoss.Rd’:
\keyword{Soil Loss; Water Erosion; R Factor; K Fac [TRUNCATED]
Flavors: r-devel-linux-x86_64-debian-clang, r-devel-linux-x86_64-debian-gcc