Last updated on 2025-04-29 12:52:50 CEST.
Flavor | Version | Tinstall | Tcheck | Ttotal | Status | Flags |
---|---|---|---|---|---|---|
r-devel-linux-x86_64-debian-clang | 2.1.3 | 2.37 | 23.13 | 25.50 | NOTE | |
r-devel-linux-x86_64-debian-gcc | 2.1.3 | 1.65 | 18.32 | 19.97 | NOTE | |
r-devel-linux-x86_64-fedora-clang | 2.1.3 | 39.39 | OK | |||
r-devel-linux-x86_64-fedora-gcc | 2.1.3 | 40.30 | OK | |||
r-devel-windows-x86_64 | 2.1.3 | 4.00 | 41.00 | 45.00 | OK | |
r-patched-linux-x86_64 | 2.1.3 | 2.64 | 22.13 | 24.77 | OK | |
r-release-linux-x86_64 | 2.1.3 | 2.25 | 22.00 | 24.25 | OK | |
r-release-macos-arm64 | 2.1.3 | 15.00 | OK | |||
r-release-macos-x86_64 | 2.1.3 | 26.00 | OK | |||
r-release-windows-x86_64 | 2.1.3 | 3.00 | 42.00 | 45.00 | OK | |
r-oldrel-macos-arm64 | 2.1.3 | 16.00 | OK | |||
r-oldrel-macos-x86_64 | 2.1.3 | 22.00 | OK | |||
r-oldrel-windows-x86_64 | 2.1.3 | 4.00 | 42.00 | 46.00 | OK |
Version: 2.1.3
Check: CRAN incoming feasibility
Result: NOTE
Maintainer: ‘G. Peters <peters.activities@gmail.com>’
No Authors@R field in DESCRIPTION.
Please add one, modifying
Authors@R: person(given = "G.",
family = "Peters",
role = c("aut", "cre"),
email = "peters.activities@gmail.com",
comment = "Ed.")
as necessary.
Flavors: r-devel-linux-x86_64-debian-clang, r-devel-linux-x86_64-debian-gcc