CRAN Package Check Results for Package SmoothTensor

Last updated on 2022-07-06 12:53:46 CEST.

Flavor Version Tinstall Tcheck Ttotal Status Flags
r-devel-linux-x86_64-debian-clang 0.1.1 7.74 69.32 77.06 OK
r-devel-linux-x86_64-debian-gcc 0.1.1 5.72 51.72 57.44 OK
r-devel-linux-x86_64-fedora-clang 0.1.1 100.44 NOTE
r-devel-linux-x86_64-fedora-gcc 0.1.1 100.87 NOTE
r-devel-windows-x86_64 0.1.1 23.00 90.00 113.00 OK
r-patched-linux-x86_64 0.1.1 8.11 65.71 73.82 OK
r-release-linux-x86_64 0.1.1 7.80 67.18 74.98 OK
r-release-macos-arm64 0.1.1 30.00 NOTE
r-release-macos-x86_64 0.1.1 41.00 NOTE
r-release-windows-x86_64 0.1.1 25.00 92.00 117.00 OK
r-oldrel-macos-arm64 0.1.1 35.00 NOTE
r-oldrel-macos-x86_64 0.1.1 40.00 NOTE
r-oldrel-windows-ix86+x86_64 0.1.1 18.00 85.00 103.00 OK

Check Details

Version: 0.1.1
Check: dependencies in R code
Result: NOTE
    Namespace in Imports field not imported from: ‘methods’
     All declared Imports should be used.
Flavors: r-devel-linux-x86_64-fedora-clang, r-devel-linux-x86_64-fedora-gcc, r-release-macos-arm64, r-release-macos-x86_64, r-oldrel-macos-arm64, r-oldrel-macos-x86_64