Last updated on 2022-07-02 12:53:15 CEST.
Flavor | Version | Tinstall | Tcheck | Ttotal | Status | Flags |
---|---|---|---|---|---|---|
r-devel-linux-x86_64-debian-clang | 0.3.8 | 10.51 | 181.85 | 192.36 | OK | |
r-devel-linux-x86_64-debian-gcc | 0.3.8 | 7.64 | 125.20 | 132.84 | OK | |
r-devel-linux-x86_64-fedora-clang | 0.3.8 | 220.49 | NOTE | |||
r-devel-linux-x86_64-fedora-gcc | 0.3.8 | 215.21 | NOTE | |||
r-devel-windows-x86_64 | 0.3.8 | 32.00 | 206.00 | 238.00 | OK | |
r-patched-linux-x86_64 | 0.3.8 | 10.63 | 161.64 | 172.27 | OK | |
r-release-linux-x86_64 | 0.3.8 | 10.86 | 160.89 | 171.75 | OK | |
r-release-macos-arm64 | 0.3.8 | 75.00 | NOTE | |||
r-release-macos-x86_64 | 0.3.8 | 140.00 | NOTE | |||
r-release-windows-x86_64 | 0.3.8 | 19.00 | 206.00 | 225.00 | OK | |
r-oldrel-macos-arm64 | 0.3.8 | 103.00 | NOTE | |||
r-oldrel-macos-x86_64 | 0.3.8 | 87.00 | NOTE | |||
r-oldrel-windows-ix86+x86_64 | 0.3.8 | 25.00 | 208.00 | 233.00 | OK |
Version: 0.3.8
Check: dependencies in R code
Result: NOTE
Namespace in Imports field not imported from: ‘qpdf’
All declared Imports should be used.
Flavors: r-devel-linux-x86_64-fedora-clang, r-devel-linux-x86_64-fedora-gcc, r-release-macos-arm64, r-release-macos-x86_64, r-oldrel-macos-arm64, r-oldrel-macos-x86_64
Version: 0.3.8
Check: Rd cross-references
Result: NOTE
Undeclared packages ‘InformationValue’, ‘ggthemes’ in Rd xrefs
Flavor: r-devel-linux-x86_64-fedora-clang