CRAN Package Check Results for Package SkeweDF

Last updated on 2022-06-29 11:52:22 CEST.

Flavor Version Tinstall Tcheck Ttotal Status Flags
r-devel-linux-x86_64-debian-clang 0.1.0 36.72 62.51 99.23 NOTE
r-devel-linux-x86_64-debian-gcc 0.1.0 28.92 46.36 75.28 NOTE
r-devel-linux-x86_64-fedora-clang 0.1.0 144.80 NOTE
r-devel-linux-x86_64-fedora-gcc 0.1.0 130.51 NOTE
r-devel-windows-x86_64 0.1.0 47.00 105.00 152.00 NOTE
r-patched-linux-x86_64 0.1.0 28.77 59.40 88.17 NOTE
r-release-linux-x86_64 0.1.0 35.48 59.77 95.25 NOTE
r-release-macos-arm64 0.1.0 36.00 NOTE
r-release-macos-x86_64 0.1.0 63.00 NOTE
r-release-windows-x86_64 0.1.0 55.00 103.00 158.00 NOTE
r-oldrel-macos-arm64 0.1.0 40.00 NOTE
r-oldrel-macos-x86_64 0.1.0 58.00 NOTE
r-oldrel-windows-ix86+x86_64 0.1.0 92.00 116.00 208.00 NOTE

Check Details

Version: 0.1.0
Check: LazyData
Result: NOTE
     'LazyData' is specified without a 'data' directory
Flavors: r-devel-linux-x86_64-debian-clang, r-devel-linux-x86_64-debian-gcc, r-devel-linux-x86_64-fedora-clang, r-devel-linux-x86_64-fedora-gcc, r-devel-windows-x86_64, r-patched-linux-x86_64, r-release-linux-x86_64, r-release-macos-arm64, r-release-macos-x86_64, r-release-windows-x86_64, r-oldrel-macos-arm64, r-oldrel-macos-x86_64, r-oldrel-windows-ix86+x86_64