CRAN Package Check Results for Package SixSigma

Last updated on 2024-02-23 11:53:36 CET.

Flavor Version Tinstall Tcheck Ttotal Status Flags
r-devel-linux-x86_64-debian-clang 0.11.1 NOTE
r-devel-linux-x86_64-debian-gcc 0.11.1 6.78 72.20 78.98 NOTE
r-devel-linux-x86_64-fedora-clang 0.11.1 133.55 NOTE
r-devel-linux-x86_64-fedora-gcc 0.11.1 147.72 NOTE
r-devel-windows-x86_64 0.11.1 9.00 112.00 121.00 OK
r-patched-linux-x86_64 0.11.1 6.96 92.06 99.02 OK
r-release-linux-x86_64 0.11.1 5.30 92.92 98.22 OK
r-release-macos-arm64 0.11.1 51.00 OK
r-release-macos-x86_64 0.11.1 90.00 OK
r-release-windows-x86_64 0.11.1 10.00 127.00 137.00 OK
r-oldrel-macos-arm64 0.11.1 49.00 OK
r-oldrel-windows-x86_64 0.11.1 12.00 123.00 135.00 OK

Check Details

Version: 0.11.1
Check: Rd files
Result: NOTE checkRd: (-1) ss.cc.Rd:44: Lost braces in \itemize; meant \describe ? checkRd: (-1) ss.ci.Rd:26: Lost braces 26 | \item{alpha}{The eqn{\\alpha} error used to compute the \eqn{100*(1-\\alpha)\%} confidence interval} | ^ checkRd: (-1) ss.rr.Rd:84: Lost braces; missing escapes or markup? 84 | $MS_{factor}/MS_{interaction}$, e.g. in appendix A of AIAG MSA manual, | ^ checkRd: (-1) ss.rr.Rd:84: Lost braces; missing escapes or markup? 84 | $MS_{factor}/MS_{interaction}$, e.g. in appendix A of AIAG MSA manual, | ^ checkRd: (-1) ss.rr.Rd:87: Lost braces; missing escapes or markup? 87 | F test is performed as $MS_{factor}/MS_{equipment}$, i.e., repeatability. | ^ checkRd: (-1) ss.rr.Rd:87: Lost braces; missing escapes or markup? 87 | F test is performed as $MS_{factor}/MS_{equipment}$, i.e., repeatability. | ^ Flavors: r-devel-linux-x86_64-debian-clang, r-devel-linux-x86_64-debian-gcc, r-devel-linux-x86_64-fedora-clang, r-devel-linux-x86_64-fedora-gcc