Last updated on 2025-05-09 10:49:40 CEST.
Flavor | Version | Tinstall | Tcheck | Ttotal | Status | Flags |
---|---|---|---|---|---|---|
r-devel-linux-x86_64-debian-clang | 0.11.1 | 8.08 | 81.80 | 89.88 | NOTE | |
r-devel-linux-x86_64-debian-gcc | 0.11.1 | 4.91 | 56.89 | 61.80 | NOTE | |
r-devel-linux-x86_64-fedora-clang | 0.11.1 | 130.90 | NOTE | |||
r-devel-linux-x86_64-fedora-gcc | 0.11.1 | 147.27 | NOTE | |||
r-devel-windows-x86_64 | 0.11.1 | 10.00 | 119.00 | 129.00 | NOTE | |
r-patched-linux-x86_64 | 0.11.1 | 8.56 | 78.37 | 86.93 | NOTE | |
r-release-linux-x86_64 | 0.11.1 | 7.16 | 77.43 | 84.59 | NOTE | |
r-release-macos-arm64 | 0.11.1 | 63.00 | NOTE | |||
r-release-macos-x86_64 | 0.11.1 | 93.00 | NOTE | |||
r-release-windows-x86_64 | 0.11.1 | 10.00 | 119.00 | 129.00 | NOTE | |
r-oldrel-macos-arm64 | 0.11.1 | 47.00 | NOTE | |||
r-oldrel-macos-x86_64 | 0.11.1 | 73.00 | NOTE | |||
r-oldrel-windows-x86_64 | 0.11.1 | 12.00 | 137.00 | 149.00 | NOTE |
Version: 0.11.1
Check: Rd files
Result: NOTE
checkRd: (-1) ss.cc.Rd:44: Lost braces in \itemize; meant \describe ?
checkRd: (-1) ss.ci.Rd:26: Lost braces
26 | \item{alpha}{The eqn{\\alpha} error used to compute the \eqn{100*(1-\\alpha)\%} confidence interval}
| ^
checkRd: (-1) ss.rr.Rd:84: Lost braces; missing escapes or markup?
84 | $MS_{factor}/MS_{interaction}$, e.g. in appendix A of AIAG MSA manual,
| ^
checkRd: (-1) ss.rr.Rd:84: Lost braces; missing escapes or markup?
84 | $MS_{factor}/MS_{interaction}$, e.g. in appendix A of AIAG MSA manual,
| ^
checkRd: (-1) ss.rr.Rd:87: Lost braces; missing escapes or markup?
87 | F test is performed as $MS_{factor}/MS_{equipment}$, i.e., repeatability.
| ^
checkRd: (-1) ss.rr.Rd:87: Lost braces; missing escapes or markup?
87 | F test is performed as $MS_{factor}/MS_{equipment}$, i.e., repeatability.
| ^
Flavors: r-devel-linux-x86_64-debian-clang, r-devel-linux-x86_64-debian-gcc, r-devel-linux-x86_64-fedora-clang, r-devel-linux-x86_64-fedora-gcc, r-devel-windows-x86_64, r-patched-linux-x86_64, r-release-linux-x86_64, r-release-macos-arm64, r-release-macos-x86_64, r-release-windows-x86_64, r-oldrel-macos-arm64, r-oldrel-macos-x86_64, r-oldrel-windows-x86_64