Last updated on 2023-02-06 11:04:50 CET.
Flavor | Version | Tinstall | Tcheck | Ttotal | Status | Flags |
---|---|---|---|---|---|---|
r-devel-linux-x86_64-debian-clang | 0.1.5 | 33.66 | 365.76 | 399.42 | NOTE | |
r-devel-linux-x86_64-debian-gcc | 0.1.5 | 30.11 | 258.53 | 288.64 | NOTE | |
r-devel-linux-x86_64-fedora-clang | 0.1.5 | 476.55 | OK | |||
r-devel-linux-x86_64-fedora-gcc | 0.1.5 | 470.23 | OK | |||
r-devel-windows-x86_64 | 0.1.5 | 47.00 | 357.00 | 404.00 | NOTE | |
r-patched-linux-x86_64 | 0.1.5 | 25.02 | 345.86 | 370.88 | NOTE | |
r-release-linux-x86_64 | 0.1.5 | 27.55 | 349.32 | 376.87 | NOTE | |
r-release-macos-arm64 | 0.1.5 | 95.00 | NOTE | |||
r-release-macos-x86_64 | 0.1.5 | 168.00 | NOTE | |||
r-release-windows-x86_64 | 0.1.5 | 54.00 | 367.00 | 421.00 | NOTE | |
r-oldrel-macos-arm64 | 0.1.5 | 92.00 | NOTE | |||
r-oldrel-macos-x86_64 | 0.1.5 | 126.00 | NOTE | |||
r-oldrel-windows-ix86+x86_64 | 0.1.5 | 76.00 | 358.00 | 434.00 | OK |
Version: 0.1.5
Check: package dependencies
Result: NOTE
Package suggested but not available for checking: ‘INLA’
Flavors: r-devel-linux-x86_64-debian-clang, r-devel-linux-x86_64-debian-gcc, r-devel-windows-x86_64, r-patched-linux-x86_64, r-release-linux-x86_64, r-release-macos-arm64, r-release-macos-x86_64, r-release-windows-x86_64, r-oldrel-macos-arm64, r-oldrel-macos-x86_64