Last updated on 2022-07-05 11:50:04 CEST.
Flavor | Version | Tinstall | Tcheck | Ttotal | Status | Flags |
---|---|---|---|---|---|---|
r-devel-linux-x86_64-debian-clang | 0.1 | 8.09 | 70.06 | 78.15 | NOTE | |
r-devel-linux-x86_64-debian-gcc | 0.1 | 6.16 | 53.89 | 60.05 | NOTE | |
r-devel-linux-x86_64-fedora-clang | 0.1 | 104.30 | NOTE | |||
r-devel-linux-x86_64-fedora-gcc | 0.1 | 102.39 | NOTE | |||
r-devel-windows-x86_64 | 0.1 | 11.00 | 92.00 | 103.00 | OK | |
r-patched-linux-x86_64 | 0.1 | 7.56 | 66.54 | 74.10 | NOTE | |
r-release-linux-x86_64 | 0.1 | 5.65 | 66.98 | 72.63 | NOTE | |
r-release-macos-arm64 | 0.1 | 29.00 | OK | |||
r-release-macos-x86_64 | 0.1 | 41.00 | OK | |||
r-release-windows-x86_64 | 0.1 | 14.00 | 93.00 | 107.00 | OK | |
r-oldrel-macos-arm64 | 0.1 | 35.00 | OK | |||
r-oldrel-macos-x86_64 | 0.1 | 56.00 | OK | |||
r-oldrel-windows-ix86+x86_64 | 0.1 | 16.00 | 88.00 | 104.00 | OK |
Version: 0.1
Check: for non-standard things in the check directory
Result: NOTE
Found the following files/directories:
'database.csv' 'output.csv' 'output_clst.csv'
Flavors: r-devel-linux-x86_64-debian-clang, r-devel-linux-x86_64-debian-gcc, r-devel-linux-x86_64-fedora-clang, r-devel-linux-x86_64-fedora-gcc, r-patched-linux-x86_64, r-release-linux-x86_64