CRAN Package Check Results for Package SimDesign

Last updated on 2022-07-01 11:52:11 CEST.

Flavor Version Tinstall Tcheck Ttotal Status Flags
r-devel-linux-x86_64-debian-clang 2.8 11.13 117.75 128.88 OK
r-devel-linux-x86_64-debian-gcc 2.8 10.47 87.97 98.44 OK
r-devel-linux-x86_64-fedora-clang 2.8 159.83 NOTE
r-devel-linux-x86_64-fedora-gcc 2.8 159.74 OK
r-devel-windows-x86_64 2.8 17.00 173.00 190.00 NOTE
r-patched-linux-x86_64 2.8 12.80 109.53 122.33 OK
r-release-linux-x86_64 2.8 11.12 111.45 122.57 OK
r-release-macos-arm64 2.8 44.00 NOTE
r-release-macos-x86_64 2.8 88.00 NOTE
r-release-windows-x86_64 2.8 59.00 170.00 229.00 NOTE
r-oldrel-macos-arm64 2.8 47.00 NOTE
r-oldrel-macos-x86_64 2.8 68.00 NOTE
r-oldrel-windows-ix86+x86_64 2.8 26.00 161.00 187.00 NOTE

Check Details

Version: 2.8
Check: installed package size
Result: NOTE
     installed size is 5.7Mb
     sub-directories of 1Mb or more:
     doc 5.2Mb
Flavors: r-devel-linux-x86_64-fedora-clang, r-devel-windows-x86_64, r-release-macos-arm64, r-release-macos-x86_64, r-release-windows-x86_64, r-oldrel-macos-arm64, r-oldrel-macos-x86_64, r-oldrel-windows-ix86+x86_64

Version: 2.8
Check: package dependencies
Result: NOTE
    Package suggested but not available for checking: ‘doMPI’
Flavors: r-release-macos-arm64, r-release-macos-x86_64, r-oldrel-macos-arm64, r-oldrel-macos-x86_64