Last updated on 2024-04-23 10:54:17 CEST.
Flavor | Version | Tinstall | Tcheck | Ttotal | Status | Flags |
---|---|---|---|---|---|---|
r-devel-linux-x86_64-debian-clang | 2.2.5 | 7.63 | 99.82 | 107.45 | OK | |
r-devel-linux-x86_64-debian-gcc | 2.2.5 | 7.96 | 74.75 | 82.71 | OK | |
r-devel-linux-x86_64-fedora-clang | 2.2.5 | 145.71 | OK | |||
r-devel-linux-x86_64-fedora-gcc | 2.2.5 | 148.70 | OK | |||
r-prerel-macos-arm64 | 2.2.5 | 53.00 | OK | |||
r-prerel-windows-x86_64 | 2.2.5 | 10.00 | 95.00 | 105.00 | OK | |
r-patched-linux-x86_64 | 2.2.5 | 6.14 | 94.04 | 100.18 | OK | |
r-release-linux-x86_64 | 2.2.5 | 8.72 | 96.97 | 105.69 | OK | |
r-release-macos-arm64 | 2.2.5 | 58.00 | NOTE | |||
r-release-macos-x86_64 | 2.2.5 | 86.00 | NOTE | |||
r-release-windows-x86_64 | 2.2.5 | 11.00 | 117.00 | 128.00 | OK | |
r-oldrel-macos-arm64 | 2.2.5 | 41.00 | NOTE | |||
r-oldrel-windows-x86_64 | 2.2.5 | 13.00 | 116.00 | 129.00 | OK |
Version: 2.2.5
Check: package dependencies
Result: NOTE
Package suggested but not available for checking: ‘rhdf5’
Flavors: r-release-macos-arm64, r-release-macos-x86_64, r-oldrel-macos-arm64