Last updated on 2022-06-30 11:53:19 CEST.
Flavor | Version | Tinstall | Tcheck | Ttotal | Status | Flags |
---|---|---|---|---|---|---|
r-devel-linux-x86_64-debian-clang | 2.2.5 | 8.21 | 88.61 | 96.82 | OK | |
r-devel-linux-x86_64-debian-gcc | 2.2.5 | 7.82 | 67.76 | 75.58 | OK | |
r-devel-linux-x86_64-fedora-clang | 2.2.5 | 127.95 | WARN | |||
r-devel-linux-x86_64-fedora-gcc | 2.2.5 | 125.31 | WARN | |||
r-devel-windows-x86_64 | 2.2.5 | 30.00 | 135.00 | 165.00 | OK | |
r-patched-linux-x86_64 | 2.2.5 | 10.09 | 85.33 | 95.42 | OK | |
r-release-linux-x86_64 | 2.2.5 | 7.61 | 85.28 | 92.89 | OK | |
r-release-macos-arm64 | 2.2.5 | 41.00 | NOTE | |||
r-release-macos-x86_64 | 2.2.5 | 70.00 | OK | |||
r-release-windows-x86_64 | 2.2.5 | 38.00 | 135.00 | 173.00 | OK | |
r-oldrel-macos-arm64 | 2.2.5 | 48.00 | OK | |||
r-oldrel-macos-x86_64 | 2.2.5 | 59.00 | OK | |||
r-oldrel-windows-ix86+x86_64 | 2.2.5 | 23.00 | 121.00 | 144.00 | OK |
Version: 2.2.5
Check: package dependencies
Result: WARN
Requires (indirectly) orphaned package: ‘gtools’
Flavors: r-devel-linux-x86_64-fedora-clang, r-devel-linux-x86_64-fedora-gcc
Version: 2.2.5
Check: package dependencies
Result: NOTE
Package suggested but not available for checking: ‘rhdf5’
Flavor: r-release-macos-arm64