CRAN Package Check Results for Package SigOptR

Last updated on 2024-04-20 11:50:32 CEST.

Flavor Version Tinstall Tcheck Ttotal Status Flags
r-devel-linux-x86_64-debian-clang 0.0.1 2.24 20.85 23.09 NOTE
r-devel-linux-x86_64-debian-gcc 0.0.1 1.71 16.54 18.25 NOTE
r-devel-linux-x86_64-fedora-clang 0.0.1 29.61 NOTE
r-devel-linux-x86_64-fedora-gcc 0.0.1 28.16 NOTE
r-prerel-macos-arm64 0.0.1 17.00 NOTE
r-prerel-windows-x86_64 0.0.1 4.00 38.00 42.00 NOTE
r-patched-linux-x86_64 0.0.1 2.53 20.09 22.62 NOTE
r-release-linux-x86_64 0.0.1 2.10 20.79 22.89 NOTE
r-release-macos-arm64 0.0.1 15.00 NOTE
r-release-macos-x86_64 0.0.1 21.00 NOTE
r-release-windows-x86_64 0.0.1 4.00 40.00 44.00 NOTE
r-oldrel-macos-arm64 0.0.1 14.00 NOTE
r-oldrel-windows-x86_64 0.0.1 4.00 43.00 47.00 NOTE

Check Details

Version: 0.0.1
Check: LazyData
Result: NOTE 'LazyData' is specified without a 'data' directory Flavors: r-devel-linux-x86_64-debian-clang, r-devel-linux-x86_64-debian-gcc, r-devel-linux-x86_64-fedora-clang, r-devel-linux-x86_64-fedora-gcc, r-prerel-macos-arm64, r-prerel-windows-x86_64, r-patched-linux-x86_64, r-release-linux-x86_64, r-release-macos-arm64, r-release-macos-x86_64, r-release-windows-x86_64, r-oldrel-macos-arm64, r-oldrel-windows-x86_64