Last updated on 2024-04-25 08:00:07 CEST.
Flavor | Version | Tinstall | Tcheck | Ttotal | Status | Flags |
---|---|---|---|---|---|---|
r-devel-linux-x86_64-debian-clang | 1.5.0 | 22.80 | 197.47 | 220.27 | OK | |
r-devel-linux-x86_64-debian-gcc | 1.5.0 | 20.65 | 139.59 | 160.24 | OK | |
r-devel-linux-x86_64-fedora-clang | 1.5.1 | 196.33 | OK | |||
r-devel-linux-x86_64-fedora-gcc | 1.5.1 | 251.42 | OK | |||
r-devel-windows-x86_64 | 1.5.0 | 21.00 | 162.00 | 183.00 | OK | |
r-patched-linux-x86_64 | 1.5.0 | 32.59 | 188.27 | 220.86 | OK | |
r-release-linux-x86_64 | 1.5.0 | 20.80 | 194.78 | 215.58 | OK | |
r-release-macos-arm64 | 1.5.1 | 71.00 | OK | |||
r-release-macos-x86_64 | 1.5.1 | 207.00 | NOTE | |||
r-release-windows-x86_64 | 1.5.0 | 20.00 | 165.00 | 185.00 | OK | |
r-oldrel-macos-arm64 | 1.5.1 | 85.00 | OK | |||
r-oldrel-macos-x86_64 | 1.5.1 | 200.00 | NOTE | |||
r-oldrel-windows-x86_64 | 1.5.0 | 29.00 | 209.00 | 238.00 | OK |
Version: 1.5.1
Check: installed package size
Result: NOTE
installed size is 5.2Mb
sub-directories of 1Mb or more:
ShinyItemAnalysis 2.3Mb
data 2.1Mb
Flavors: r-release-macos-x86_64, r-oldrel-macos-x86_64