Last updated on 2022-07-03 11:53:49 CEST.
Flavor | Version | Tinstall | Tcheck | Ttotal | Status | Flags |
---|---|---|---|---|---|---|
r-devel-linux-x86_64-debian-clang | 4.1.0 | 48.63 | 148.20 | 196.83 | OK | |
r-devel-linux-x86_64-debian-gcc | 4.1.0 | 34.37 | 112.61 | 146.98 | OK | |
r-devel-linux-x86_64-fedora-clang | 4.1.0 | 259.52 | NOTE | |||
r-devel-linux-x86_64-fedora-gcc | 4.1.0 | 252.06 | OK | |||
r-devel-windows-x86_64 | 4.1.0 | 192.00 | 193.00 | 385.00 | OK | |
r-patched-linux-x86_64 | 4.1.0 | 54.82 | 144.70 | 199.52 | OK | |
r-release-linux-x86_64 | 4.1.0 | 39.61 | 143.03 | 182.64 | OK | |
r-release-macos-arm64 | 4.1.0 | 79.00 | OK | |||
r-release-macos-x86_64 | 4.1.0 | 104.00 | OK | |||
r-release-windows-x86_64 | 4.1.0 | 214.00 | 196.00 | 410.00 | OK | |
r-oldrel-macos-arm64 | 4.1.0 | 67.00 | OK | |||
r-oldrel-macos-x86_64 | 4.1.0 | 87.00 | OK | |||
r-oldrel-windows-ix86+x86_64 | 4.1.0 | 112.00 | 236.00 | 348.00 | OK |
Version: 4.1.0
Check: Rd cross-references
Result: NOTE
Undeclared package ‘plotly’ in Rd xrefs
Flavor: r-devel-linux-x86_64-fedora-clang