CRAN Package Check Results for Package SetTest

Last updated on 2025-04-29 12:52:49 CEST.

Flavor Version Tinstall Tcheck Ttotal Status Flags
r-devel-linux-x86_64-debian-clang 0.3.0 2.98 24.25 27.23 NOTE
r-devel-linux-x86_64-debian-gcc 0.3.0 2.21 18.55 20.76 NOTE
r-devel-linux-x86_64-fedora-clang 0.3.0 41.95 OK
r-devel-linux-x86_64-fedora-gcc 0.3.0 42.99 OK
r-devel-windows-x86_64 0.3.0 4.00 42.00 46.00 OK
r-patched-linux-x86_64 0.3.0 3.24 22.96 26.20 OK
r-release-linux-x86_64 0.3.0 2.92 22.65 25.57 OK
r-release-macos-arm64 0.3.0 18.00 OK
r-release-macos-x86_64 0.3.0 36.00 OK
r-release-windows-x86_64 0.3.0 3.00 43.00 46.00 OK
r-oldrel-macos-arm64 0.3.0 17.00 OK
r-oldrel-macos-x86_64 0.3.0 40.00 OK
r-oldrel-windows-x86_64 0.3.0 5.00 42.00 47.00 OK

Check Details

Version: 0.3.0
Check: CRAN incoming feasibility
Result: NOTE Maintainer: ‘Hong Zhang <hzhang@wpi.edu>’ No Authors@R field in DESCRIPTION. Please add one, modifying Authors@R: c(person(given = "Hong", family = "Zhang", role = c("aut", "cre"), email = "hzhang@wpi.edu"), person(given = "Zheyang", family = "Wu", role = "aut")) as necessary. Flavors: r-devel-linux-x86_64-debian-clang, r-devel-linux-x86_64-debian-gcc