Last updated on 2022-06-28 12:52:36 CEST.
Flavor | Version | Tinstall | Tcheck | Ttotal | Status | Flags |
---|---|---|---|---|---|---|
r-devel-linux-x86_64-debian-clang | 0.3.1 | 42.99 | 315.66 | 358.65 | NOTE | |
r-devel-linux-x86_64-debian-gcc | 0.3.1 | 31.01 | 230.58 | 261.59 | NOTE | |
r-devel-linux-x86_64-fedora-clang | 0.3.1 | 435.68 | NOTE | |||
r-devel-linux-x86_64-fedora-gcc | 0.3.1 | 433.06 | NOTE | |||
r-devel-windows-x86_64 | 0.3.1 | 77.00 | 322.00 | 399.00 | OK | |
r-patched-linux-x86_64 | 0.3.1 | 36.68 | 356.49 | 393.17 | NOTE | |
r-release-linux-x86_64 | 0.3.1 | 54.20 | 353.69 | 407.89 | NOTE | |
r-release-macos-arm64 | 0.3.1 | 7.00 | ERROR | |||
r-release-macos-x86_64 | 0.3.1 | 403.00 | OK | |||
r-release-windows-x86_64 | 0.3.1 | 92.00 | 318.00 | 410.00 | OK | |
r-oldrel-macos-arm64 | 0.3.1 | 188.00 | OK | |||
r-oldrel-macos-x86_64 | 0.3.1 | 199.00 | OK | |||
r-oldrel-windows-ix86+x86_64 | 0.3.1 | 78.00 | 304.00 | 382.00 | OK |
Version: 0.3.1
Check: for non-standard things in the check directory
Result: NOTE
Found the following files/directories:
'assocpointpair_result.csv' 'foundereffectfinder_result.csv'
'getfreqs_result.csv' 'getfreqs_result.png' 'orPlot.pdf1_1.pdf'
'orPlot.pdf2_1.pdf' 'orPlot.pdf3_1.pdf' 'orPlot.pdf4_1.pdf'
'orPlot.pdf5_1.pdf' 'orPlot.pdf6_1.pdf' 'orPlot.pdf7_1.pdf'
'orPlot.pdf8_1.pdf' 'q-values_result.csv' 'rewritetuple_result.csv'
'tartan_plot.pdf' 'vispair_plot.pdf' 'vispairfeat_plot.pdf'
'volcano_plot.pdf'
Flavors: r-devel-linux-x86_64-debian-clang, r-devel-linux-x86_64-debian-gcc, r-devel-linux-x86_64-fedora-clang, r-devel-linux-x86_64-fedora-gcc, r-patched-linux-x86_64, r-release-linux-x86_64
Version: 0.3.1
Check: package dependencies
Result: ERROR
Package required but not available: ‘widgetTools’
See section ‘The DESCRIPTION file’ in the ‘Writing R Extensions’
manual.
Flavor: r-release-macos-arm64