CRAN Package Check Results for Package SeqFeatR

Last updated on 2025-05-24 10:51:18 CEST.

Flavor Version Tinstall Tcheck Ttotal Status Flags
r-devel-linux-x86_64-debian-clang 0.3.1 45.13 274.79 319.92 NOTE
r-devel-linux-x86_64-debian-gcc 0.3.1 34.42 210.81 245.23 NOTE
r-devel-linux-x86_64-fedora-clang 0.3.1 496.10 NOTE
r-devel-linux-x86_64-fedora-gcc 0.3.1 455.27 NOTE
r-devel-windows-x86_64 0.3.1 34.00 237.00 271.00 OK
r-patched-linux-x86_64 0.3.1 39.63 264.64 304.27 NOTE
r-release-linux-x86_64 0.3.1 42.45 263.94 306.39 NOTE
r-release-macos-arm64 0.3.1 246.00 OK
r-release-macos-x86_64 0.3.1 367.00 OK
r-release-windows-x86_64 0.3.1 38.00 0.00 38.00 FAIL
r-oldrel-macos-arm64 0.3.1 254.00 OK
r-oldrel-macos-x86_64 0.3.1 260.00 OK
r-oldrel-windows-x86_64 0.3.1 43.00 260.00 303.00 OK

Check Details

Version: 0.3.1
Check: CRAN incoming feasibility
Result: NOTE Maintainer: ‘Bettina Budeus <bettina.budeus@stud.uni-due.de>’ No Authors@R field in DESCRIPTION. Please add one, modifying Authors@R: person(given = "Bettina", family = "Budeus", role = c("aut", "cre"), email = "bettina.budeus@stud.uni-due.de") as necessary. Package CITATION file contains call(s) to old-style personList() or as.personList(). Please use c() on person objects instead. Package CITATION file contains call(s) to old-style citEntry(). Please use bibentry() instead. Flavors: r-devel-linux-x86_64-debian-clang, r-devel-linux-x86_64-debian-gcc

Version: 0.3.1
Check: for non-standard things in the check directory
Result: NOTE Found the following files/directories: ‘assocpointpair_result.csv’ ‘foundereffectfinder_result.csv’ ‘getfreqs_result.csv’ ‘getfreqs_result.png’ ‘orPlot.pdf1_1.pdf’ ‘orPlot.pdf2_1.pdf’ ‘orPlot.pdf3_1.pdf’ ‘orPlot.pdf4_1.pdf’ ‘orPlot.pdf5_1.pdf’ ‘orPlot.pdf6_1.pdf’ ‘orPlot.pdf7_1.pdf’ ‘orPlot.pdf8_1.pdf’ ‘q-values_result.csv’ ‘rewritetuple_result.csv’ ‘tartan_plot.pdf’ ‘vispair_plot.pdf’ ‘vispairfeat_plot.pdf’ ‘volcano_plot.pdf’ Flavors: r-devel-linux-x86_64-debian-clang, r-devel-linux-x86_64-debian-gcc, r-devel-linux-x86_64-fedora-clang, r-devel-linux-x86_64-fedora-gcc, r-patched-linux-x86_64, r-release-linux-x86_64

Version: 0.3.1
Check: PDF version of manual
Result: FAIL Check process probably crashed or hung up for 20 minutes ... killed Most likely this happened in the example checks (?), if not, ignore the following last lines of example output: > assocpoint_result <- system.file("extdata", "assocpoint_results.csv", package="SeqFeatR") > > #Usage > volcanoplot( + path_to_file_assocpoint_csv_result=assocpoint_result, + save_name_pdf="volcano_plot.pdf", + p_values_pos = 3, + odds_pos = 6, + pos_pos = 1, + level_of_sig_p = 0.05, + level_of_sig_odds = 1) [1] TRUE > > > > ### * <FOOTER> > ### > cleanEx() > options(digits = 7L) > base::cat("Time elapsed: ", proc.time() - base::get("ptime", pos = 'CheckExEnv'),"\n") Time elapsed: 19.58 2.89 99.31 NA NA > grDevices::dev.off() null device 1 > ### > ### Local variables: *** > ### mode: outline-minor *** > ### outline-regexp: "\\(> \\)?### [*]+" *** > ### End: *** > quit('no') ======== End of example output (where/before crash/hang up occured ?) ======== Flavor: r-release-windows-x86_64