CRAN Package Check Results for Package SemiEstimate

Last updated on 2023-10-01 12:00:49 CEST.

Flavor Version Tinstall Tcheck Ttotal Status Flags
r-devel-linux-x86_64-debian-clang 1.1.3 2.72 41.02 43.74 NOTE
r-devel-linux-x86_64-debian-gcc 1.1.3 1.98 30.90 32.88 NOTE
r-devel-linux-x86_64-fedora-clang 1.1.3 52.75 NOTE
r-devel-linux-x86_64-fedora-gcc 1.1.3 64.85 NOTE
r-devel-windows-x86_64 1.1.3 3.00 53.00 56.00 NOTE
r-patched-linux-x86_64 1.1.3 1.82 39.51 41.33 NOTE
r-release-linux-x86_64 1.1.3 2.18 40.03 42.21 NOTE
r-release-macos-arm64 1.1.3 29.00 NOTE
r-release-macos-x86_64 1.1.3 41.00 NOTE
r-release-windows-x86_64 1.1.3 5.00 55.00 60.00 NOTE
r-oldrel-macos-arm64 1.1.3 26.00 OK
r-oldrel-macos-x86_64 1.1.3 27.00 OK
r-oldrel-windows-x86_64 1.1.3 6.00 58.00 64.00 OK

Check Details

Version: 1.1.3
Check: package subdirectories
Result: NOTE
    Problems with news in ‘NEWS.md’:
    No news entries found.
Flavors: r-devel-linux-x86_64-debian-clang, r-devel-linux-x86_64-debian-gcc, r-devel-linux-x86_64-fedora-clang, r-devel-linux-x86_64-fedora-gcc, r-devel-windows-x86_64, r-patched-linux-x86_64, r-release-linux-x86_64, r-release-macos-arm64, r-release-macos-x86_64, r-release-windows-x86_64