CRAN Package Check Results for Package SemNetCleaner

Last updated on 2022-07-02 12:53:14 CEST.

Flavor Version Tinstall Tcheck Ttotal Status Flags
r-devel-linux-x86_64-debian-clang 1.3.4 7.36 47.18 54.54 OK
r-devel-linux-x86_64-debian-gcc 1.3.4 5.68 36.08 41.76 OK
r-devel-linux-x86_64-fedora-clang 1.3.4 74.50 NOTE
r-devel-linux-x86_64-fedora-gcc 1.3.4 74.11 NOTE
r-devel-windows-x86_64 1.3.4 54.00 80.00 134.00 OK
r-patched-linux-x86_64 1.3.4 10.13 44.48 54.61 OK
r-release-linux-x86_64 1.3.4 5.51 45.08 50.59 OK
r-release-macos-arm64 1.3.4 25.00 NOTE
r-release-macos-x86_64 1.3.4 43.00 NOTE
r-release-windows-x86_64 1.3.4 79.00 82.00 161.00 OK
r-oldrel-macos-arm64 1.3.4 24.00 NOTE
r-oldrel-macos-x86_64 1.3.4 33.00 NOTE
r-oldrel-windows-ix86+x86_64 1.3.4 14.00 73.00 87.00 OK

Check Details

Version: 1.3.4
Check: dependencies in R code
Result: NOTE
    Namespaces in Imports field not imported from:
     ‘editData’ ‘miniUI’
     All declared Imports should be used.
Flavors: r-devel-linux-x86_64-fedora-clang, r-devel-linux-x86_64-fedora-gcc, r-release-macos-arm64, r-release-macos-x86_64, r-oldrel-macos-arm64, r-oldrel-macos-x86_64