CRAN Package Check Results for Package SemNeT

Last updated on 2022-07-04 12:54:21 CEST.

Flavor Version Tinstall Tcheck Ttotal Status Flags
r-devel-linux-x86_64-debian-clang 1.4.3 14.08 107.82 121.90 OK
r-devel-linux-x86_64-debian-gcc 1.4.3 12.15 78.14 90.29 OK
r-devel-linux-x86_64-fedora-clang 1.4.3 155.26 WARN
r-devel-linux-x86_64-fedora-gcc 1.4.3 150.76 WARN
r-devel-windows-x86_64 1.4.3 56.00 135.00 191.00 OK
r-patched-linux-x86_64 1.4.3 20.82 101.00 121.82 OK
r-release-linux-x86_64 1.4.3 11.47 101.18 112.65 OK
r-release-macos-arm64 1.4.3 44.00 NOTE
r-release-macos-x86_64 1.4.3 73.00 NOTE
r-release-windows-x86_64 1.4.3 67.00 161.00 228.00 OK
r-oldrel-macos-arm64 1.4.3 53.00 NOTE
r-oldrel-macos-x86_64 1.4.3 56.00 NOTE
r-oldrel-windows-ix86+x86_64 1.4.3 28.00 135.00 163.00 OK

Check Details

Version: 1.4.3
Check: package dependencies
Result: WARN
    Requires (indirectly) orphaned package: ‘gtools’
Flavors: r-devel-linux-x86_64-fedora-clang, r-devel-linux-x86_64-fedora-gcc

Version: 1.4.3
Check: dependencies in R code
Result: NOTE
    Namespaces in Imports field not imported from:
     ‘RColorBrewer’ ‘grid’ ‘purrr’
     All declared Imports should be used.
Flavors: r-devel-linux-x86_64-fedora-clang, r-devel-linux-x86_64-fedora-gcc, r-release-macos-arm64, r-release-macos-x86_64, r-oldrel-macos-arm64, r-oldrel-macos-x86_64

Version: 1.4.3
Check: Rd cross-references
Result: NOTE
    Undeclared packages ‘NetworkToolbox’, ‘SemNetCleaner’ in Rd xrefs
Flavor: r-devel-linux-x86_64-fedora-clang