Last updated on 2024-04-23 10:54:17 CEST.
Flavor | Version | Tinstall | Tcheck | Ttotal | Status | Flags |
---|---|---|---|---|---|---|
r-devel-linux-x86_64-debian-clang | 2.2.2 | 18.22 | 157.34 | 175.56 | OK | |
r-devel-linux-x86_64-debian-gcc | 2.2.2 | 17.10 | 113.96 | 131.06 | OK | |
r-devel-linux-x86_64-fedora-clang | 2.2.2 | 220.63 | OK | |||
r-devel-linux-x86_64-fedora-gcc | 2.2.2 | 236.55 | OK | |||
r-prerel-macos-arm64 | 2.2.2 | 61.00 | OK | |||
r-prerel-macos-x86_64 | 2.2.2 | 129.00 | NOTE | |||
r-prerel-windows-x86_64 | 2.2.2 | 19.00 | 128.00 | 147.00 | OK | |
r-patched-linux-x86_64 | 2.2.2 | 20.25 | 146.80 | 167.05 | OK | |
r-release-linux-x86_64 | 2.2.2 | 17.83 | 150.71 | 168.54 | OK | |
r-release-macos-arm64 | 2.2.2 | 71.00 | OK | |||
r-release-macos-x86_64 | 2.2.2 | 119.00 | OK | |||
r-release-windows-x86_64 | 2.2.2 | 24.00 | 161.00 | 185.00 | OK | |
r-oldrel-macos-arm64 | 2.2.2 | 70.00 | OK | |||
r-oldrel-windows-x86_64 | 2.2.2 | 25.00 | 160.00 | 185.00 | OK |
Version: 2.2.2
Check: package dependencies
Result: NOTE
Package suggested but not available for checking: ‘mixOmics’
Flavor: r-prerel-macos-x86_64