CRAN Package Check Results for Package Select

Last updated on 2022-07-02 12:53:14 CEST.

Flavor Version Tinstall Tcheck Ttotal Status Flags
r-devel-linux-x86_64-debian-clang 1.4 2.32 34.45 36.77 OK
r-devel-linux-x86_64-debian-gcc 1.4 2.01 27.29 29.30 OK
r-devel-linux-x86_64-fedora-clang 1.4 55.81 NOTE
r-devel-linux-x86_64-fedora-gcc 1.4 54.18 NOTE
r-devel-windows-x86_64 1.4 10.00 63.00 73.00 OK
r-patched-linux-x86_64 1.4 2.68 33.44 36.12 OK
r-release-linux-x86_64 1.4 2.46 34.32 36.78 OK
r-release-macos-arm64 1.4 21.00 NOTE
r-release-macos-x86_64 1.4 26.00 NOTE
r-release-windows-x86_64 1.4 11.00 67.00 78.00 OK
r-oldrel-macos-arm64 1.4 30.00 NOTE
r-oldrel-macos-x86_64 1.4 33.00 NOTE
r-oldrel-windows-ix86+x86_64 1.4 6.00 59.00 65.00 OK

Check Details

Version: 1.4
Check: dependencies in R code
Result: NOTE
    Namespace in Imports field not imported from: ‘FD’
     All declared Imports should be used.
Flavors: r-devel-linux-x86_64-fedora-clang, r-devel-linux-x86_64-fedora-gcc, r-release-macos-arm64, r-release-macos-x86_64, r-oldrel-macos-arm64, r-oldrel-macos-x86_64