Last updated on 2023-10-04 13:01:25 CEST.
Flavor | Version | Tinstall | Tcheck | Ttotal | Status | Flags |
---|---|---|---|---|---|---|
r-devel-linux-x86_64-debian-clang | 1.1 | 3.69 | 29.14 | 32.83 | OK | |
r-devel-linux-x86_64-debian-gcc | 1.1 | 3.54 | 22.11 | 25.65 | OK | |
r-devel-linux-x86_64-fedora-clang | 1.1 | 41.08 | OK | |||
r-devel-linux-x86_64-fedora-gcc | 1.1 | 42.68 | OK | |||
r-devel-windows-x86_64 | 1.1 | 5.00 | 46.00 | 51.00 | OK | |
r-patched-linux-x86_64 | 1.1 | 3.82 | 28.41 | 32.23 | OK | |
r-release-linux-x86_64 | 1.1 | 4.41 | 28.49 | 32.90 | OK | |
r-release-macos-arm64 | 1.1 | 20.00 | OK | |||
r-release-macos-x86_64 | 1.1 | 6.00 | ERROR | |||
r-release-windows-x86_64 | 1.1 | 6.00 | 46.00 | 52.00 | OK | |
r-oldrel-macos-arm64 | 1.0 | 27.00 | NOTE | |||
r-oldrel-macos-x86_64 | 1.0 | 33.00 | NOTE | |||
r-oldrel-windows-x86_64 | 1.0 | 6.00 | 50.00 | 56.00 | NOTE |
Version: 1.1
Check: package dependencies
Result: ERROR
Package required and available but unsuitable version: ‘OasisR’
See section ‘The DESCRIPTION file’ in the ‘Writing R Extensions’
manual.
Flavor: r-release-macos-x86_64
Version: 1.0
Check: LazyData
Result: NOTE
'LazyData' is specified without a 'data' directory
Flavors: r-oldrel-macos-arm64, r-oldrel-macos-x86_64, r-oldrel-windows-x86_64