CRAN Package Check Results for Package SegEnvIneq

Last updated on 2022-10-04 11:50:23 CEST.

Flavor Version Tinstall Tcheck Ttotal Status Flags
r-devel-linux-x86_64-debian-clang 1.0 4.21 32.65 36.86 NOTE
r-devel-linux-x86_64-debian-gcc 1.0 3.05 24.49 27.54 NOTE
r-devel-linux-x86_64-fedora-clang 1.0 57.42 NOTE
r-devel-linux-x86_64-fedora-gcc 1.0 55.90 NOTE
r-devel-windows-x86_64 1.0 13.00 57.00 70.00 NOTE
r-patched-linux-x86_64 1.0 3.69 31.05 34.74 NOTE
r-release-linux-x86_64 1.0 3.66 29.82 33.48 NOTE
r-release-macos-arm64 1.0 27.00 NOTE
r-release-macos-x86_64 1.0 33.00 NOTE
r-release-windows-x86_64 1.0 14.00 60.00 74.00 NOTE
r-oldrel-macos-arm64 1.0 24.00 NOTE
r-oldrel-macos-x86_64 1.0 36.00 NOTE
r-oldrel-windows-ix86+x86_64 1.0 8.00 56.00 64.00 NOTE

Check Details

Version: 1.0
Check: LazyData
Result: NOTE
     'LazyData' is specified without a 'data' directory
Flavors: r-devel-linux-x86_64-debian-clang, r-devel-linux-x86_64-debian-gcc, r-devel-linux-x86_64-fedora-clang, r-devel-linux-x86_64-fedora-gcc, r-devel-windows-x86_64, r-patched-linux-x86_64, r-release-linux-x86_64, r-release-macos-arm64, r-release-macos-x86_64, r-release-windows-x86_64, r-oldrel-macos-arm64, r-oldrel-macos-x86_64, r-oldrel-windows-ix86+x86_64