Last updated on 2024-04-22 12:55:54 CEST.
Flavor | Version | Tinstall | Tcheck | Ttotal | Status | Flags |
---|---|---|---|---|---|---|
r-devel-linux-x86_64-debian-clang | 0.0.3 | 14.21 | 92.50 | 106.71 | NOTE | |
r-devel-linux-x86_64-debian-gcc | 0.0.3 | 10.22 | 68.50 | 78.72 | NOTE | |
r-devel-linux-x86_64-fedora-clang | 0.0.3 | 145.89 | NOTE | |||
r-devel-linux-x86_64-fedora-gcc | 0.0.3 | 134.34 | NOTE | |||
r-prerel-macos-arm64 | 0.0.3 | 37.00 | NOTE | |||
r-prerel-macos-x86_64 | 0.0.3 | 68.00 | NOTE | |||
r-prerel-windows-x86_64 | 0.0.3 | 12.00 | 81.00 | 93.00 | NOTE | |
r-patched-linux-x86_64 | 0.0.3 | 10.71 | 90.04 | 100.75 | NOTE | |
r-release-linux-x86_64 | 0.0.3 | 12.38 | 92.01 | 104.39 | NOTE | |
r-release-macos-arm64 | 0.0.3 | 41.00 | NOTE | |||
r-release-macos-x86_64 | 0.0.3 | 87.00 | NOTE | |||
r-release-windows-x86_64 | 0.0.3 | 16.00 | 100.00 | 116.00 | NOTE | |
r-oldrel-macos-arm64 | 0.0.3 | 43.00 | NOTE | |||
r-oldrel-windows-x86_64 | 0.0.3 | 16.00 | 105.00 | 121.00 | NOTE |
Version: 0.0.3
Check: LazyData
Result: NOTE
'LazyData' is specified without a 'data' directory
Flavors: r-devel-linux-x86_64-debian-clang, r-devel-linux-x86_64-debian-gcc, r-devel-linux-x86_64-fedora-clang, r-devel-linux-x86_64-fedora-gcc, r-prerel-macos-arm64, r-prerel-macos-x86_64, r-prerel-windows-x86_64, r-patched-linux-x86_64, r-release-linux-x86_64, r-release-macos-arm64, r-release-macos-x86_64, r-release-windows-x86_64, r-oldrel-macos-arm64, r-oldrel-windows-x86_64