CRAN Package Check Results for Package SampleSize4ClinicalTrials

Last updated on 2025-04-29 12:52:49 CEST.

Flavor Version Tinstall Tcheck Ttotal Status Flags
r-devel-linux-x86_64-debian-clang 0.2.3 1.71 16.62 18.33 NOTE
r-devel-linux-x86_64-debian-gcc 0.2.3 1.46 13.94 15.40 NOTE
r-devel-linux-x86_64-fedora-clang 0.2.3 28.06 OK
r-devel-linux-x86_64-fedora-gcc 0.2.3 27.51 OK
r-devel-windows-x86_64 0.2.3 4.00 35.00 39.00 OK
r-patched-linux-x86_64 0.2.3 1.81 15.99 17.80 OK
r-release-linux-x86_64 0.2.3 1.63 15.98 17.61 OK
r-release-macos-arm64 0.2.3 16.00 OK
r-release-macos-x86_64 0.2.3 21.00 OK
r-release-windows-x86_64 0.2.3 2.00 35.00 37.00 OK
r-oldrel-macos-arm64 0.2.3 13.00 NOTE
r-oldrel-macos-x86_64 0.2.3 24.00 NOTE
r-oldrel-windows-x86_64 0.2.3 2.00 35.00 37.00 NOTE

Check Details

Version: 0.2.3
Check: CRAN incoming feasibility
Result: NOTE Maintainer: ‘Hongchao Qi <hcqi1992@gmail.com>’ No Authors@R field in DESCRIPTION. Please add one, modifying Authors@R: c(person(given = "Hongchao", family = "Qi", role = c("aut", "cre"), email = "hcqi1992@gmail.com"), person(given = "Fang", family = "Zhu", role = "aut")) as necessary. Flavors: r-devel-linux-x86_64-debian-clang, r-devel-linux-x86_64-debian-gcc

Version: 0.2.3
Check: LazyData
Result: NOTE 'LazyData' is specified without a 'data' directory Flavors: r-oldrel-macos-arm64, r-oldrel-macos-x86_64, r-oldrel-windows-x86_64