Last updated on 2022-07-03 11:53:51 CEST.
Flavor | Version | Tinstall | Tcheck | Ttotal | Status | Flags |
---|---|---|---|---|---|---|
r-devel-linux-x86_64-debian-clang | 2.2.3 | 22.99 | 202.78 | 225.77 | OK | |
r-devel-linux-x86_64-debian-gcc | 2.2.3 | 21.70 | 150.18 | 171.88 | OK | |
r-devel-linux-x86_64-fedora-clang | 2.2.3 | 281.79 | NOTE | |||
r-devel-linux-x86_64-fedora-gcc | 2.2.3 | 274.69 | OK | |||
r-devel-windows-x86_64 | 2.2.3 | 155.00 | 276.00 | 431.00 | OK | |
r-patched-linux-x86_64 | 2.2.3 | 29.31 | 191.00 | 220.31 | OK | |
r-release-linux-x86_64 | 2.2.3 | 23.45 | 185.98 | 209.43 | OK | |
r-release-macos-arm64 | 2.2.3 | 83.00 | OK | |||
r-release-macos-x86_64 | 2.2.3 | 108.00 | OK | |||
r-release-windows-x86_64 | 2.2.3 | 142.00 | 269.00 | 411.00 | OK | |
r-oldrel-macos-arm64 | 2.2.3 | 75.00 | OK | |||
r-oldrel-macos-x86_64 | 2.2.3 | 106.00 | OK | |||
r-oldrel-windows-ix86+x86_64 | 2.2.3 | 71.00 | 307.00 | 378.00 | OK |
Version: 2.2.3
Check: Rd cross-references
Result: NOTE
Undeclared package ‘sp’ in Rd xrefs
Flavor: r-devel-linux-x86_64-fedora-clang