Last updated on 2024-03-28 09:51:59 CET.
Flavor | Version | Tinstall | Tcheck | Ttotal | Status | Flags |
---|---|---|---|---|---|---|
r-devel-linux-x86_64-debian-clang | 0.1.8 | 23.49 | 45.68 | 69.17 | NOTE | |
r-devel-linux-x86_64-debian-gcc | 0.1.8 | 16.41 | 35.27 | 51.68 | NOTE | |
r-devel-linux-x86_64-fedora-clang | 0.1.8 | 94.00 | NOTE | |||
r-devel-linux-x86_64-fedora-gcc | 0.1.8 | 87.87 | NOTE | |||
r-devel-windows-x86_64 | 0.1.8 | 19.00 | 81.00 | 100.00 | NOTE | |
r-patched-linux-x86_64 | 0.1.8 | 22.59 | 45.07 | 67.66 | NOTE | |
r-release-linux-x86_64 | 0.1.8 | 21.15 | 44.80 | 65.95 | OK | |
r-release-macos-arm64 | 0.1.8 | 28.00 | OK | |||
r-release-macos-x86_64 | 0.1.8 | 62.00 | OK | |||
r-release-windows-x86_64 | 0.1.8 | 24.00 | 113.00 | 137.00 | OK | |
r-oldrel-macos-arm64 | 0.1.8 | 30.00 | OK | |||
r-oldrel-windows-x86_64 | 0.1.8 | 23.00 | 98.00 | 121.00 | OK |
Version: 0.1.8
Check: Rd files
Result: NOTE
checkRd: (-1) predict.DNFOptim.Rd:28: Lost braces in \itemize; \value handles \item{}{} directly
checkRd: (-1) predict.DNFOptim.Rd:29: Lost braces in \itemize; \value handles \item{}{} directly
checkRd: (-1) predict.DNFOptim.Rd:30: Lost braces in \itemize; \value handles \item{}{} directly
checkRd: (-1) predict.DNFOptim.Rd:34: Lost braces in \itemize; \value handles \item{}{} directly
checkRd: (-1) predict.DNFOptim.Rd:35: Lost braces in \itemize; \value handles \item{}{} directly
checkRd: (-1) predict.DNFOptim.Rd:36: Lost braces in \itemize; \value handles \item{}{} directly
checkRd: (-1) summary.DNFOptim.Rd:29: Lost braces in \itemize; \value handles \item{}{} directly
checkRd: (-1) summary.DNFOptim.Rd:30: Lost braces in \itemize; \value handles \item{}{} directly
checkRd: (-1) summary.DNFOptim.Rd:31: Lost braces in \itemize; \value handles \item{}{} directly
checkRd: (-1) summary.DNFOptim.Rd:32: Lost braces in \itemize; \value handles \item{}{} directly
Flavors: r-devel-linux-x86_64-debian-clang, r-devel-linux-x86_64-debian-gcc, r-devel-linux-x86_64-fedora-clang, r-devel-linux-x86_64-fedora-gcc, r-devel-windows-x86_64, r-patched-linux-x86_64