Last updated on 2024-03-28 09:51:58 CET.
Flavor | Version | Tinstall | Tcheck | Ttotal | Status | Flags |
---|---|---|---|---|---|---|
r-devel-linux-x86_64-debian-clang | 0.5.8 | 50.22 | 431.92 | 482.14 | NOTE | |
r-devel-linux-x86_64-debian-gcc | 0.5.8 | 38.45 | 324.21 | 362.66 | NOTE | |
r-devel-linux-x86_64-fedora-clang | 0.5.8 | 665.66 | NOTE | |||
r-devel-linux-x86_64-fedora-gcc | 0.5.8 | 627.02 | NOTE | |||
r-devel-windows-x86_64 | 0.5.8 | 42.00 | 310.00 | 352.00 | NOTE | |
r-patched-linux-x86_64 | 0.5.8 | 41.48 | 412.23 | 453.71 | NOTE | |
r-release-linux-x86_64 | 0.5.8 | 34.93 | 428.33 | 463.26 | NOTE | |
r-release-macos-arm64 | 0.5.8 | 161.00 | NOTE | |||
r-release-macos-x86_64 | 0.5.8 | 259.00 | NOTE | |||
r-release-windows-x86_64 | 0.5.8 | 58.00 | 422.00 | 480.00 | NOTE | |
r-oldrel-macos-arm64 | 0.5.8 | 142.00 | NOTE | |||
r-oldrel-windows-x86_64 | 0.5.8 | 54.00 | 359.00 | 413.00 | NOTE |
Version: 0.5.8
Check: package dependencies
Result: NOTE
Package suggested but not available for checking: ‘STRaitRazoR’
Flavors: r-devel-linux-x86_64-debian-clang, r-devel-linux-x86_64-debian-gcc, r-devel-linux-x86_64-fedora-clang, r-devel-linux-x86_64-fedora-gcc, r-devel-windows-x86_64, r-patched-linux-x86_64, r-release-linux-x86_64, r-release-macos-arm64, r-release-macos-x86_64, r-release-windows-x86_64, r-oldrel-macos-arm64, r-oldrel-windows-x86_64