Last updated on 2022-07-06 12:53:47 CEST.
Flavor | Version | Tinstall | Tcheck | Ttotal | Status | Flags |
---|---|---|---|---|---|---|
r-devel-linux-x86_64-debian-clang | 0.5.8 | 44.19 | 418.06 | 462.25 | NOTE | |
r-devel-linux-x86_64-debian-gcc | 0.5.8 | 36.71 | 313.88 | 350.59 | NOTE | |
r-devel-linux-x86_64-fedora-clang | 0.5.8 | 562.50 | NOTE | |||
r-devel-linux-x86_64-fedora-gcc | 0.5.8 | 552.77 | NOTE | |||
r-devel-windows-x86_64 | 0.5.8 | 65.00 | 430.00 | 495.00 | NOTE | |
r-patched-linux-x86_64 | 0.5.8 | 46.22 | 396.77 | 442.99 | NOTE | |
r-release-linux-x86_64 | 0.5.8 | 32.09 | 386.62 | 418.71 | NOTE | |
r-release-macos-arm64 | 0.5.8 | 142.00 | NOTE | |||
r-release-macos-x86_64 | 0.5.8 | 242.00 | NOTE | |||
r-release-windows-x86_64 | 0.5.8 | 79.00 | 444.00 | 523.00 | NOTE | |
r-oldrel-macos-arm64 | 0.5.8 | 191.00 | NOTE | |||
r-oldrel-macos-x86_64 | 0.5.8 | 280.00 | NOTE | |||
r-oldrel-windows-ix86+x86_64 | 0.5.8 | 92.00 | 419.00 | 511.00 | NOTE |
Version: 0.5.8
Check: package dependencies
Result: NOTE
Package suggested but not available for checking: 'STRaitRazoR'
Flavors: r-devel-linux-x86_64-debian-clang, r-devel-linux-x86_64-debian-gcc, r-devel-linux-x86_64-fedora-clang, r-devel-linux-x86_64-fedora-gcc, r-devel-windows-x86_64, r-patched-linux-x86_64, r-release-linux-x86_64, r-release-macos-arm64, r-release-macos-x86_64, r-release-windows-x86_64, r-oldrel-macos-arm64, r-oldrel-macos-x86_64, r-oldrel-windows-ix86+x86_64