Last updated on 2024-04-23 10:54:18 CEST.
Flavor | Version | Tinstall | Tcheck | Ttotal | Status | Flags |
---|---|---|---|---|---|---|
r-devel-linux-x86_64-debian-clang | 0.0.3 | 37.38 | 221.23 | 258.61 | OK | |
r-devel-linux-x86_64-debian-gcc | 0.0.3 | 29.89 | 159.84 | 189.73 | OK | |
r-devel-linux-x86_64-fedora-clang | 0.0.3 | 333.67 | NOTE | |||
r-devel-linux-x86_64-fedora-gcc | 0.0.3 | 316.34 | OK | |||
r-prerel-macos-arm64 | 0.0.3 | 86.00 | OK | |||
r-prerel-windows-x86_64 | 0.0.3 | 22.00 | 149.00 | 171.00 | OK | |
r-patched-linux-x86_64 | 0.0.3 | 24.76 | 209.68 | 234.44 | OK | |
r-release-linux-x86_64 | 0.0.3 | 24.45 | 212.47 | 236.92 | OK | |
r-release-macos-arm64 | 0.0.3 | 87.00 | OK | |||
r-release-macos-x86_64 | 0.0.3 | 172.00 | OK | |||
r-release-windows-x86_64 | 0.0.3 | 27.00 | 187.00 | 214.00 | OK | |
r-oldrel-macos-arm64 | 0.0.3 | 71.00 | OK | |||
r-oldrel-windows-x86_64 | 0.0.3 | 29.00 | 196.00 | 225.00 | OK |
Version: 0.0.3
Check: installed package size
Result: NOTE
installed size is 5.0Mb
sub-directories of 1Mb or more:
extdata 4.2Mb
Flavor: r-devel-linux-x86_64-fedora-clang