Last updated on 2022-07-02 12:53:15 CEST.
Flavor | Version | Tinstall | Tcheck | Ttotal | Status | Flags |
---|---|---|---|---|---|---|
r-devel-linux-x86_64-debian-clang | 1.1.0 | 25.21 | 144.06 | 169.27 | OK | |
r-devel-linux-x86_64-debian-gcc | 1.1.0 | 21.17 | 108.87 | 130.04 | OK | |
r-devel-linux-x86_64-fedora-clang | 1.1.0 | 225.37 | WARN | |||
r-devel-linux-x86_64-fedora-gcc | 1.1.0 | 216.12 | WARN | |||
r-devel-windows-x86_64 | 1.1.0 | 35.00 | 170.00 | 205.00 | OK | |
r-patched-linux-x86_64 | 1.1.0 | 28.20 | 134.40 | 162.60 | OK | |
r-release-linux-x86_64 | 1.1.0 | 22.94 | 137.80 | 160.74 | OK | |
r-release-macos-arm64 | 1.1.0 | 71.00 | OK | |||
r-release-macos-x86_64 | 1.1.0 | 122.00 | OK | |||
r-release-windows-x86_64 | 1.1.0 | 38.00 | 181.00 | 219.00 | OK | |
r-oldrel-macos-arm64 | 1.1.0 | 67.00 | OK | |||
r-oldrel-macos-x86_64 | 1.1.0 | 91.00 | OK | |||
r-oldrel-windows-ix86+x86_64 | 1.1.0 | 60.00 | 174.00 | 234.00 | OK |
Version: 1.1.0
Check: package dependencies
Result: WARN
Requires orphaned package: ‘gtools’
Flavors: r-devel-linux-x86_64-fedora-clang, r-devel-linux-x86_64-fedora-gcc