CRAN Package Check Results for Package SSDM

Last updated on 2022-07-01 11:52:12 CEST.

Flavor Version Tinstall Tcheck Ttotal Status Flags
r-devel-linux-x86_64-debian-clang 0.2.8 52.79 585.35 638.14 OK
r-devel-linux-x86_64-debian-gcc 0.2.8 43.14 421.21 464.35 OK
r-devel-linux-x86_64-fedora-clang 0.2.8 742.52 NOTE
r-devel-linux-x86_64-fedora-gcc 0.2.8 749.29 NOTE
r-devel-windows-x86_64 0.2.8 69.00 620.00 689.00 OK
r-patched-linux-x86_64 0.2.8 47.76 543.91 591.67 OK
r-release-linux-x86_64 0.2.8 39.81 552.02 591.83 OK
r-release-macos-arm64 0.2.8 180.00 NOTE
r-release-macos-x86_64 0.2.8 310.00 NOTE
r-release-windows-x86_64 0.2.8 59.00 614.00 673.00 OK
r-oldrel-macos-arm64 0.2.8 153.00 NOTE
r-oldrel-macos-x86_64 0.2.8 241.00 NOTE
r-oldrel-windows-ix86+x86_64 0.2.8 110.00 631.00 741.00 OK

Check Details

Version: 0.2.8
Check: dependencies in R code
Result: NOTE
    Namespace in Imports field not imported from: ‘shinyFiles’
     All declared Imports should be used.
Flavors: r-devel-linux-x86_64-fedora-clang, r-devel-linux-x86_64-fedora-gcc, r-release-macos-arm64, r-release-macos-x86_64, r-oldrel-macos-arm64, r-oldrel-macos-x86_64