CRAN Package Check Results for Package SQUAREM

Last updated on 2024-02-26 12:54:38 CET.

Flavor Version Tinstall Tcheck Ttotal Status Flags
r-devel-linux-x86_64-debian-clang 2021.1 2.71 31.77 34.48 NOTE
r-devel-linux-x86_64-debian-gcc 2021.1 1.97 24.25 26.22 NOTE
r-devel-linux-x86_64-fedora-clang 2021.1 44.88 NOTE
r-devel-linux-x86_64-fedora-gcc 2021.1 55.61 NOTE
r-devel-windows-x86_64 2021.1 3.00 55.00 58.00 OK
r-patched-linux-x86_64 2021.1 2.60 31.43 34.03 OK
r-release-linux-x86_64 2021.1 2.12 31.29 33.41 OK
r-release-macos-arm64 2021.1 27.00 OK
r-release-macos-x86_64 2021.1 37.00 OK
r-release-windows-x86_64 2021.1 3.00 58.00 61.00 OK
r-oldrel-macos-arm64 2021.1 20.00 OK
r-oldrel-windows-x86_64 2021.1 4.00 62.00 66.00 OK

Check Details

Version: 2021.1
Check: Rd files
Result: NOTE checkRd: (-1) fpiter.Rd:55-58: Lost braces 55 | \code{tol}{ - a small, positive scalar that determines when iterations | ^ checkRd: (-1) fpiter.Rd:60-61: Lost braces 60 | \code{maxiter}{ - an integer denoting the maximum limit on the number of | ^ checkRd: (-1) fpiter.Rd:63-65: Lost braces 63 | \code{trace}{ - a logical variable denoting whether some of the intermediate | ^ checkRd: (-1) fpiter.Rd:67-70: Lost braces 67 | \code{intermed}}{ - a logical variable denoting whether the intermediate | ^ checkRd: (-1) squarem.Rd:134: Lost braces 134 | along with the corresponding log-likelihood value. When the code{objfn} is not specified it will return the fixed-point residual instead of the objective function values. | ^ Flavors: r-devel-linux-x86_64-debian-clang, r-devel-linux-x86_64-debian-gcc, r-devel-linux-x86_64-fedora-clang, r-devel-linux-x86_64-fedora-gcc